CRAN Package Check Results for Package panelView

Last updated on 2021-09-19 11:50:10 CEST.

Flavor Version Tinstall Tcheck Ttotal Status Flags
r-devel-linux-x86_64-debian-clang 1.1.5 5.82 51.10 56.92 OK
r-devel-linux-x86_64-debian-gcc 1.1.5 4.84 38.04 42.88 OK
r-devel-linux-x86_64-fedora-clang 1.1.5 75.15 OK
r-devel-linux-x86_64-fedora-gcc 1.1.5 63.05 OK
r-devel-windows-x86_64 1.1.5 9.00 57.00 66.00 OK
r-devel-windows-x86_64-gcc10-UCRT 1.1.5 ERROR
r-patched-linux-x86_64 1.1.5 6.24 47.47 53.71 OK
r-patched-solaris-x86 1.1.5 93.70 OK
r-release-linux-x86_64 1.1.5 5.71 47.00 52.71 OK
r-release-macos-arm64 1.1.5 OK
r-release-macos-x86_64 1.1.5 OK
r-release-windows-ix86+x86_64 1.1.5 14.00 53.00 67.00 OK
r-oldrel-macos-x86_64 1.1.5 OK
r-oldrel-windows-ix86+x86_64 1.1.5 15.00 51.00 66.00 OK

Check Details

Version: 1.1.5
Check: whether package can be installed
Result: WARN
    Found the following significant warnings:
     WARNING: installation-time patches will not be applied, could not get the patches index
Flavor: r-devel-windows-x86_64-gcc10-UCRT

Version: 1.1.5
Check: PDF version of manual
Result: WARN
    LaTeX errors when creating PDF version.
    This typically indicates Rd problems.
Flavor: r-devel-windows-x86_64-gcc10-UCRT

Version: 1.1.5
Check: PDF version of manual without hyperrefs or index
Result: ERROR
    Re-running with no redirection of stdout/stderr.
Flavor: r-devel-windows-x86_64-gcc10-UCRT