CRAN Package Check Results for Package pan

Last updated on 2022-01-27 20:49:59 CET.

Flavor Version Tinstall Tcheck Ttotal Status Flags
r-devel-linux-x86_64-debian-clang 1.6 6.35 43.90 50.25 OK
r-devel-linux-x86_64-debian-gcc 1.6 5.53 33.43 38.96 OK
r-devel-linux-x86_64-fedora-clang 1.6 63.19 OK
r-devel-linux-x86_64-fedora-gcc 1.6 52.20 OK
r-devel-windows-x86_64-new-UL 1.6 28.00 79.00 107.00 OK
r-devel-windows-x86_64-new-TK 1.6 NOTE
r-patched-linux-x86_64 1.6 6.35 41.96 48.31 OK
r-release-linux-x86_64 1.6 6.80 41.56 48.36 OK
r-release-macos-arm64 1.6 OK
r-release-macos-x86_64 1.6 OK
r-release-windows-ix86+x86_64 1.6 16.00 65.00 81.00 OK
r-oldrel-macos-x86_64 1.6 OK
r-oldrel-windows-ix86+x86_64 1.6 16.00 65.00 81.00 OK

Check Details

Version: 1.6
Check: package dependencies
Result: NOTE
    Package suggested but not available for checking: 'lme4'
Flavor: r-devel-windows-x86_64-new-TK