Last updated on 2023-01-29 23:03:16 CET.
Flavor | Version | Tinstall | Tcheck | Ttotal | Status | Flags |
---|---|---|---|---|---|---|
r-devel-linux-x86_64-debian-clang | 0.3.2 | 8.82 | 73.35 | 82.17 | OK | |
r-devel-linux-x86_64-debian-gcc | 0.3.2 | 5.98 | 53.52 | 59.50 | OK | |
r-devel-linux-x86_64-fedora-clang | 0.3.2 | 98.14 | NOTE | |||
r-devel-linux-x86_64-fedora-gcc | 0.3.2 | 95.92 | NOTE | |||
r-devel-windows-x86_64 | 0.3.2 | 23.00 | 100.00 | 123.00 | OK | |
r-patched-linux-x86_64 | 0.3.2 | 8.16 | 69.76 | 77.92 | OK | |
r-release-linux-x86_64 | 0.3.2 | 7.77 | 68.53 | 76.30 | OK | |
r-release-macos-arm64 | 0.3.2 | 24.00 | NOTE | |||
r-release-macos-x86_64 | 0.3.2 | 50.00 | NOTE | |||
r-release-windows-x86_64 | 0.3.2 | 19.00 | 100.00 | 119.00 | OK | |
r-oldrel-macos-arm64 | 0.3.2 | 33.00 | NOTE | |||
r-oldrel-macos-x86_64 | 0.3.2 | 42.00 | NOTE | |||
r-oldrel-windows-ix86+x86_64 | 0.3.2 | 20.00 | 98.00 | 118.00 | OK |
Version: 0.3.2
Check: data for non-ASCII characters
Result: NOTE
Note: found 34 marked UTF-8 strings
Flavors: r-devel-linux-x86_64-fedora-clang, r-devel-linux-x86_64-fedora-gcc, r-release-macos-arm64, r-release-macos-x86_64, r-oldrel-macos-arm64, r-oldrel-macos-x86_64