CRAN Package Check Results for Package pamctdp

Last updated on 2022-09-25 00:49:11 CEST.

Flavor Version Tinstall Tcheck Ttotal Status Flags
r-devel-linux-x86_64-debian-clang 0.3.2 8.18 76.10 84.28 OK
r-devel-linux-x86_64-debian-gcc 0.3.2 6.93 56.26 63.19 OK
r-devel-linux-x86_64-fedora-clang 0.3.2 110.34 NOTE
r-devel-linux-x86_64-fedora-gcc 0.3.2 112.11 NOTE
r-devel-windows-x86_64 0.3.2 15.00 98.00 113.00 OK
r-patched-linux-x86_64 0.3.2 7.19 70.40 77.59 OK
r-release-linux-x86_64 0.3.2 7.59 70.90 78.49 OK
r-release-macos-arm64 0.3.2 24.00 NOTE
r-release-macos-x86_64 0.3.2 50.00 NOTE
r-release-windows-x86_64 0.3.2 18.00 95.00 113.00 OK
r-oldrel-macos-arm64 0.3.2 33.00 NOTE
r-oldrel-macos-x86_64 0.3.2 42.00 NOTE
r-oldrel-windows-ix86+x86_64 0.3.2 19.00 95.00 114.00 OK

Check Details

Version: 0.3.2
Check: data for non-ASCII characters
Result: NOTE
     Note: found 34 marked UTF-8 strings
Flavors: r-devel-linux-x86_64-fedora-clang, r-devel-linux-x86_64-fedora-gcc, r-release-macos-arm64, r-release-macos-x86_64, r-oldrel-macos-arm64, r-oldrel-macos-x86_64