CRAN Package Check Results for Package pals

Last updated on 2019-07-19 15:47:05 CEST.

Flavor Version Tinstall Tcheck Ttotal Status Flags
r-devel-linux-x86_64-debian-clang 1.5 4.84 80.26 85.10 OK
r-devel-linux-x86_64-debian-gcc 1.5 4.21 64.34 68.55 OK
r-devel-linux-x86_64-fedora-clang 1.5 104.85 OK
r-devel-linux-x86_64-fedora-gcc 1.5 102.81 OK
r-devel-windows-ix86+x86_64 1.5 15.00 97.00 112.00 OK
r-patched-linux-x86_64 1.5 5.17 79.88 85.05 OK
r-patched-solaris-x86 1.5 158.20 OK
r-release-linux-x86_64 1.5 5.61 79.42 85.03 OK
r-release-windows-ix86+x86_64 1.5 13.00 92.00 105.00 OK
r-release-osx-x86_64 1.5 WARN
r-oldrel-windows-ix86+x86_64 1.5 8.00 123.00 131.00 OK
r-oldrel-osx-x86_64 1.5 OK

Check Details

Version: 1.5
Check: whether package can be installed
Result: WARN
    Found the following significant warnings:
     Warning: 'rgl_init' failed, running with rgl.useNULL = TRUE
Flavor: r-release-osx-x86_64