CRAN Package Check Results for Package palmid

Last updated on 2022-05-23 21:53:18 CEST.

Flavor Version Tinstall Tcheck Ttotal Status Flags
r-devel-linux-x86_64-debian-clang 0.0.3 10.97 95.33 106.30 OK
r-devel-linux-x86_64-debian-gcc 0.0.3 7.25 69.92 77.17 OK
r-devel-linux-x86_64-fedora-clang 0.0.3 120.62 NOTE
r-devel-linux-x86_64-fedora-gcc 0.0.3 107.76 NOTE
r-devel-windows-x86_64 0.0.3 24.00 123.00 147.00 OK
r-patched-linux-x86_64 0.0.3 8.05 89.66 97.71 OK
r-release-linux-x86_64 0.0.3 OK
r-release-macos-arm64 0.0.3 46.00 NOTE
r-release-macos-x86_64 0.0.3 72.00 NOTE
r-release-windows-x86_64 0.0.3 30.00 122.00 152.00 OK
r-oldrel-macos-arm64 0.0.3 46.00 NOTE
r-oldrel-macos-x86_64 0.0.3 58.00 NOTE
r-oldrel-windows-ix86+x86_64 0.0.3 26.00 106.00 132.00 OK

Check Details

Version: 0.0.3
Check: dependencies in R code
Result: NOTE
    Namespaces in Imports field not imported from:
     ‘DT’ ‘dbplyr’ ‘downloadthis’ ‘ggExtra’ ‘htmlwidgets’ ‘methods’
     ‘rmarkdown’ ‘scales’
     All declared Imports should be used.
Flavors: r-devel-linux-x86_64-fedora-clang, r-devel-linux-x86_64-fedora-gcc, r-release-macos-arm64, r-release-macos-x86_64, r-oldrel-macos-arm64, r-oldrel-macos-x86_64