Last updated on 2023-03-23 20:50:38 CET.
Flavor | Version | Tinstall | Tcheck | Ttotal | Status | Flags |
---|---|---|---|---|---|---|
r-devel-linux-x86_64-debian-clang | 0.1.4 | 2.39 | 41.05 | 43.44 | NOTE | |
r-devel-linux-x86_64-debian-gcc | 0.1.4 | 2.23 | 30.37 | 32.60 | NOTE | |
r-devel-linux-x86_64-fedora-clang | 0.1.4 | 55.69 | NOTE | |||
r-devel-linux-x86_64-fedora-gcc | 0.1.4 | 50.57 | NOTE | |||
r-patched-linux-x86_64 | 0.1.4 | 2.36 | 41.57 | 43.93 | NOTE | |
r-release-linux-x86_64 | 0.1.4 | 1.80 | 41.04 | 42.84 | NOTE | |
r-release-macos-arm64 | 0.1.4 | 18.00 | NOTE | |||
r-release-macos-x86_64 | 0.1.4 | 28.00 | NOTE | |||
r-release-windows-x86_64 | 0.1.4 | 28.00 | 87.00 | 115.00 | NOTE | |
r-oldrel-macos-arm64 | 0.1.4 | 25.00 | NOTE | |||
r-oldrel-macos-x86_64 | 0.1.4 | 33.00 | NOTE | |||
r-oldrel-windows-ix86+x86_64 | 0.1.4 | 6.00 | 66.00 | 72.00 | NOTE |
Version: 0.1.4
Check: LazyData
Result: NOTE
'LazyData' is specified without a 'data' directory
Flavors: r-devel-linux-x86_64-debian-clang, r-devel-linux-x86_64-debian-gcc, r-devel-linux-x86_64-fedora-clang, r-devel-linux-x86_64-fedora-gcc, r-patched-linux-x86_64, r-release-linux-x86_64, r-release-macos-arm64, r-release-macos-x86_64, r-release-windows-x86_64, r-oldrel-macos-arm64, r-oldrel-macos-x86_64, r-oldrel-windows-ix86+x86_64