CRAN Package Check Results for Package paleoTS

Last updated on 2022-07-03 15:52:39 CEST.

Flavor Version Tinstall Tcheck Ttotal Status Flags
r-devel-linux-x86_64-debian-clang 0.5.2 4.92 60.38 65.30 OK
r-devel-linux-x86_64-debian-gcc 0.5.2 3.75 44.08 47.83 OK
r-devel-linux-x86_64-fedora-clang 0.5.2 88.31 NOTE
r-devel-linux-x86_64-fedora-gcc 0.5.2 87.34 NOTE
r-devel-windows-x86_64 0.5.2 28.00 88.00 116.00 OK
r-patched-linux-x86_64 0.5.2 10.82 56.95 67.77 OK
r-release-linux-x86_64 0.5.2 4.99 56.13 61.12 OK
r-release-macos-arm64 0.5.2 27.00 NOTE
r-release-macos-x86_64 0.5.2 36.00 NOTE
r-release-windows-x86_64 0.5.2 34.00 88.00 122.00 OK
r-oldrel-macos-arm64 0.5.2 33.00 NOTE
r-oldrel-macos-x86_64 0.5.2 46.00 NOTE
r-oldrel-windows-ix86+x86_64 0.5.2 12.00 78.00 90.00 OK

Check Details

Version: 0.5.2
Check: dependencies in R code
Result: NOTE
    Namespace in Imports field not imported from: ‘iterators’
     All declared Imports should be used.
Flavors: r-devel-linux-x86_64-fedora-clang, r-devel-linux-x86_64-fedora-gcc, r-release-macos-arm64, r-release-macos-x86_64, r-oldrel-macos-arm64, r-oldrel-macos-x86_64