CRAN Package Check Results for Package pak

Last updated on 2022-11-28 07:49:59 CET.

Flavor Version Tinstall Tcheck Ttotal Status Flags
r-devel-linux-x86_64-debian-clang 0.3.1 6.61 44.26 50.87 OK
r-devel-linux-x86_64-debian-gcc 0.3.1 5.49 33.24 38.73 OK
r-devel-linux-x86_64-fedora-clang 0.3.1 72.53 OK
r-devel-linux-x86_64-fedora-gcc 0.3.1 69.54 OK
r-devel-windows-x86_64 0.3.1 342.00 102.00 444.00 NOTE
r-patched-linux-x86_64 0.3.1 5.11 38.66 43.77 OK
r-release-linux-x86_64 0.3.1 5.00 40.49 45.49 OK
r-release-macos-arm64 0.3.1 23.00 OK
r-release-macos-x86_64 0.3.1 29.00 OK
r-release-windows-x86_64 0.3.1 277.00 77.00 354.00 NOTE
r-oldrel-macos-arm64 0.3.1 26.00 OK
r-oldrel-macos-x86_64 0.3.1 34.00 OK
r-oldrel-windows-ix86+x86_64 0.3.1 132.00 69.00 201.00 NOTE

Check Details

Version: 0.3.1
Check: installed package size
Result: NOTE
     installed size is 19.9Mb
     sub-directories of 1Mb or more:
     library 19.4Mb
Flavors: r-devel-windows-x86_64, r-release-windows-x86_64, r-oldrel-windows-ix86+x86_64