CRAN Package Check Results for Package pak

Last updated on 2021-01-20 13:47:50 CET.

Flavor Version Tinstall Tcheck Ttotal Status Flags
r-devel-linux-x86_64-debian-clang 0.1.2.1 6.54 47.60 54.14 OK
r-devel-linux-x86_64-debian-gcc 0.1.2.1 7.33 35.82 43.15 OK
r-devel-linux-x86_64-fedora-clang 0.1.2.1 72.98 NOTE
r-devel-linux-x86_64-fedora-gcc 0.1.2.1 64.66 OK
r-devel-windows-ix86+x86_64 0.1.2.1 13.00 49.00 62.00 OK
r-patched-linux-x86_64 0.1.2.1 7.36 43.54 50.90 OK
r-patched-solaris-x86 0.1.2.1 82.10 OK
r-release-linux-x86_64 0.1.2.1 7.77 42.80 50.57 OK
r-release-macos-x86_64 0.1.2.1 OK
r-release-windows-ix86+x86_64 0.1.2.1 12.00 46.00 58.00 OK
r-oldrel-macos-x86_64 0.1.2.1 OK
r-oldrel-windows-ix86+x86_64 0.1.2.1 9.00 44.00 53.00 OK

Check Details

Version: 0.1.2.1
Check: package dependencies
Result: NOTE
    Imports includes 21 non-default packages.
    Importing from so many packages makes the package vulnerable to any of
    them becoming unavailable. Move as many as possible to Suggests and
    use conditionally.
Flavor: r-devel-linux-x86_64-fedora-clang