Last updated on 2022-07-02 18:51:43 CEST.
Flavor | Version | Tinstall | Tcheck | Ttotal | Status | Flags |
---|---|---|---|---|---|---|
r-devel-linux-x86_64-debian-clang | 0.3.0 | 6.86 | 39.83 | 46.69 | OK | |
r-devel-linux-x86_64-debian-gcc | 0.3.0 | 4.46 | 29.68 | 34.14 | OK | |
r-devel-linux-x86_64-fedora-clang | 0.3.0 | 66.58 | OK | |||
r-devel-linux-x86_64-fedora-gcc | 0.3.0 | 65.73 | OK | |||
r-devel-windows-x86_64 | 0.3.0 | 476.00 | 73.00 | 549.00 | NOTE | |
r-patched-linux-x86_64 | 0.3.0 | 7.52 | 38.11 | 45.63 | OK | |
r-release-linux-x86_64 | 0.3.0 | 6.80 | 36.84 | 43.64 | OK | |
r-release-macos-arm64 | 0.3.0 | 18.00 | OK | |||
r-release-macos-x86_64 | 0.3.0 | 30.00 | OK | |||
r-release-windows-x86_64 | 0.3.0 | 464.00 | 88.00 | 552.00 | NOTE | |
r-oldrel-macos-arm64 | 0.3.0 | 15.00 | OK | |||
r-oldrel-macos-x86_64 | 0.3.0 | 29.00 | OK | |||
r-oldrel-windows-ix86+x86_64 | 0.3.0 | 130.00 | 56.00 | 186.00 | NOTE |
Version: 0.3.0
Check: installed package size
Result: NOTE
installed size is 20.3Mb
sub-directories of 1Mb or more:
library 19.9Mb
Flavors: r-devel-windows-x86_64, r-release-windows-x86_64, r-oldrel-windows-ix86+x86_64