CRAN Package Check Results for Package pak

Last updated on 2021-09-24 15:51:52 CEST.

Flavor Version Tinstall Tcheck Ttotal Status Flags
r-devel-linux-x86_64-debian-clang 0.1.2.1 7.61 48.24 55.85 NOTE
r-devel-linux-x86_64-debian-gcc 0.1.2.1 7.16 35.67 42.83 NOTE
r-devel-linux-x86_64-fedora-clang 0.1.2.1 74.86 NOTE
r-devel-linux-x86_64-fedora-gcc 0.1.2.1 63.65 NOTE
r-devel-windows-x86_64 0.1.2.1 8.00 44.00 52.00 NOTE
r-devel-windows-x86_64-gcc10-UCRT 0.1.2.1 NOTE
r-patched-linux-x86_64 0.1.2.1 7.34 47.18 54.52 NOTE
r-patched-solaris-x86 0.1.2.1 87.00 NOTE
r-release-linux-x86_64 0.1.2.1 7.01 46.18 53.19 NOTE
r-release-macos-arm64 0.1.2.1 NOTE
r-release-macos-x86_64 0.1.2.1 NOTE
r-release-windows-ix86+x86_64 0.1.2.1 14.00 45.00 59.00 NOTE
r-oldrel-macos-x86_64 0.1.2.1 OK
r-oldrel-windows-ix86+x86_64 0.1.2.1 9.00 47.00 56.00 OK

Check Details

Version: 0.1.2.1
Check: LazyData
Result: NOTE
     'LazyData' is specified without a 'data' directory
Flavors: r-devel-linux-x86_64-debian-clang, r-devel-linux-x86_64-debian-gcc, r-devel-linux-x86_64-fedora-clang, r-devel-linux-x86_64-fedora-gcc, r-devel-windows-x86_64, r-devel-windows-x86_64-gcc10-UCRT, r-patched-linux-x86_64, r-patched-solaris-x86, r-release-linux-x86_64, r-release-macos-arm64, r-release-macos-x86_64, r-release-windows-ix86+x86_64

Version: 0.1.2.1
Check: package dependencies
Result: NOTE
    Imports includes 21 non-default packages.
    Importing from so many packages makes the package vulnerable to any of
    them becoming unavailable. Move as many as possible to Suggests and
    use conditionally.
Flavor: r-devel-linux-x86_64-fedora-clang