CRAN Package Check Results for Package pak

Last updated on 2020-09-28 20:46:50 CEST.

Flavor Version Tinstall Tcheck Ttotal Status Flags
r-devel-linux-x86_64-debian-clang 0.1.2 7.48 82.87 90.35 OK
r-devel-linux-x86_64-debian-gcc 0.1.2 6.83 60.33 67.16 OK
r-devel-linux-x86_64-fedora-clang 0.1.2 109.26 NOTE
r-devel-linux-x86_64-fedora-gcc 0.1.2 116.43 OK
r-devel-windows-ix86+x86_64 0.1.2 14.00 92.00 106.00 OK
r-patched-linux-x86_64 0.1.2 7.91 75.26 83.17 OK
r-patched-solaris-x86 0.1.2 134.40 OK
r-release-linux-x86_64 0.1.2 8.25 77.06 85.31 OK
r-release-macos-x86_64 0.1.2 OK
r-release-windows-ix86+x86_64 0.1.2 15.00 100.00 115.00 OK
r-oldrel-macos-x86_64 0.1.2 OK
r-oldrel-windows-ix86+x86_64 0.1.2 12.00 89.00 101.00 OK

Check Details

Version: 0.1.2
Check: package dependencies
Result: NOTE
    Imports includes 21 non-default packages.
    Importing from so many packages makes the package vulnerable to any of
    them becoming unavailable. Move as many as possible to Suggests and
    use conditionally.
Flavor: r-devel-linux-x86_64-fedora-clang