CRAN Package Check Results for Package pageviews

Last updated on 2021-06-17 20:52:02 CEST.

Flavor Version Tinstall Tcheck Ttotal Status Flags
r-devel-linux-x86_64-debian-clang 0.5.0 1.86 33.62 35.48 NOTE
r-devel-linux-x86_64-debian-gcc 0.5.0 1.83 26.28 28.11 NOTE
r-devel-linux-x86_64-fedora-clang 0.5.0 53.24 NOTE
r-devel-linux-x86_64-fedora-gcc 0.5.0 41.89 NOTE
r-devel-windows-x86_64 0.5.0 5.00 58.00 63.00 NOTE
r-devel-windows-x86_64-gcc10-UCRT 0.5.0 NOTE
r-patched-linux-x86_64 0.5.0 2.31 32.37 34.68 NOTE
r-patched-solaris-x86 0.5.0 66.60 NOTE
r-release-linux-x86_64 0.5.0 2.02 32.38 34.40 NOTE
r-release-macos-arm64 0.5.0 NOTE
r-release-macos-x86_64 0.5.0 NOTE
r-release-windows-ix86+x86_64 0.5.0 7.00 55.00 62.00 NOTE
r-oldrel-macos-x86_64 0.5.0 OK
r-oldrel-windows-ix86+x86_64 0.5.0 5.00 50.00 55.00 OK

Check Details

Version: 0.5.0
Check: LazyData
Result: NOTE
     'LazyData' is specified without a 'data' directory
Flavors: r-devel-linux-x86_64-debian-clang, r-devel-linux-x86_64-debian-gcc, r-devel-linux-x86_64-fedora-clang, r-devel-linux-x86_64-fedora-gcc, r-devel-windows-x86_64, r-devel-windows-x86_64-gcc10-UCRT, r-patched-linux-x86_64, r-patched-solaris-x86, r-release-linux-x86_64, r-release-macos-arm64, r-release-macos-x86_64, r-release-windows-ix86+x86_64