CRAN Package Check Results for Package padr

Last updated on 2022-06-28 06:51:55 CEST.

Flavor Version Tinstall Tcheck Ttotal Status Flags
r-devel-linux-x86_64-debian-clang 0.6.0 41.43 78.31 119.74 OK
r-devel-linux-x86_64-debian-gcc 0.6.0 29.20 58.97 88.17 OK
r-devel-linux-x86_64-fedora-clang 0.6.0 169.35 OK
r-devel-linux-x86_64-fedora-gcc 0.6.0 155.52 OK
r-devel-windows-x86_64 0.6.0 64.00 132.00 196.00 OK
r-patched-linux-x86_64 0.6.0 34.73 76.39 111.12 OK
r-release-linux-x86_64 0.6.0 34.54 76.71 111.25 OK
r-release-macos-arm64 0.6.0 46.00 OK
r-release-macos-x86_64 0.6.0 68.00 OK
r-release-windows-x86_64 0.6.0 40.00 128.00 168.00 OK
r-oldrel-macos-arm64 0.6.0 48.00 OK
r-oldrel-macos-x86_64 0.6.0 63.00 OK
r-oldrel-windows-ix86+x86_64 0.6.0 98.00 154.00 252.00 NOTE

Check Details

Version: 0.6.0
Check: installed package size
Result: NOTE
     installed size is 5.2Mb
     sub-directories of 1Mb or more:
     data 1.7Mb
     doc 1.3Mb
     libs 2.0Mb
Flavor: r-oldrel-windows-ix86+x86_64