CRAN Package Check Results for Package paco

Last updated on 2019-07-15 22:55:13 CEST.

Flavor Version Tinstall Tcheck Ttotal Status Flags
r-devel-linux-x86_64-debian-clang 0.4.1 1.54 23.90 25.44 OK
r-devel-linux-x86_64-debian-gcc 0.4.1 1.62 19.14 20.76 OK
r-devel-linux-x86_64-fedora-clang 0.4.1 31.74 NOTE
r-devel-linux-x86_64-fedora-gcc 0.4.1 29.65 NOTE
r-devel-windows-ix86+x86_64 0.4.1 7.00 38.00 45.00 OK
r-patched-linux-x86_64 0.4.1 2.09 23.86 25.95 OK
r-patched-solaris-x86 0.4.1 50.90 NOTE
r-release-linux-x86_64 0.4.1 1.98 23.77 25.75 OK
r-release-windows-ix86+x86_64 0.4.1 5.00 49.00 54.00 OK
r-release-osx-x86_64 0.4.1 NOTE
r-oldrel-windows-ix86+x86_64 0.4.1 4.00 33.00 37.00 OK
r-oldrel-osx-x86_64 0.4.1 NOTE

Check Details

Version: 0.4.1
Check: dependencies in R code
Result: NOTE
    Namespace in Imports field not imported from: ‘ape’
     All declared Imports should be used.
Flavors: r-devel-linux-x86_64-fedora-clang, r-devel-linux-x86_64-fedora-gcc, r-patched-solaris-x86, r-release-osx-x86_64, r-oldrel-osx-x86_64