Last updated on 2022-08-08 16:54:31 CEST.
Flavor | Version | Tinstall | Tcheck | Ttotal | Status | Flags |
---|---|---|---|---|---|---|
r-devel-linux-x86_64-debian-clang | 0.5.1 | 4.68 | 38.76 | 43.44 | OK | |
r-devel-linux-x86_64-debian-gcc | 0.5.1 | 3.33 | 29.58 | 32.91 | OK | |
r-devel-linux-x86_64-fedora-clang | 0.5.1 | 61.99 | NOTE | |||
r-devel-linux-x86_64-fedora-gcc | 0.5.1 | 60.04 | OK | |||
r-devel-windows-x86_64 | 0.5.1 | 51.00 | 68.00 | 119.00 | OK | |
r-patched-linux-x86_64 | 0.5.1 | 5.09 | 37.40 | 42.49 | OK | |
r-release-linux-x86_64 | 0.5.1 | OK | ||||
r-release-macos-arm64 | 0.5.1 | 20.00 | OK | |||
r-release-macos-x86_64 | 0.5.1 | 27.00 | OK | |||
r-release-windows-x86_64 | 0.5.1 | 41.00 | 72.00 | 113.00 | OK | |
r-oldrel-macos-arm64 | 0.5.1 | 27.00 | OK | |||
r-oldrel-macos-x86_64 | 0.5.1 | 40.00 | OK | |||
r-oldrel-windows-ix86+x86_64 | 0.5.1 | 9.00 | 59.00 | 68.00 | OK |
Version: 0.5.1
Check: Rd cross-references
Result: NOTE
Undeclared package ‘devtools’ in Rd xrefs
Flavor: r-devel-linux-x86_64-fedora-clang