CRAN Package Check Results for Package packagefinder

Last updated on 2020-04-05 05:47:19 CEST.

Flavor Version Tinstall Tcheck Ttotal Status Flags
r-devel-linux-x86_64-debian-clang 0.2.1 2.84 25.15 27.99 OK
r-devel-linux-x86_64-debian-gcc 0.2.1 2.39 20.11 22.50 OK
r-devel-linux-x86_64-fedora-clang 0.2.1 36.00 OK
r-devel-linux-x86_64-fedora-gcc 0.2.1 34.16 OK
r-devel-windows-ix86+x86_64 0.2.1 13.00 55.00 68.00 OK
r-devel-windows-ix86+x86_64-gcc8 0.2.0 13.00 60.00 73.00 OK
r-patched-linux-x86_64 0.2.1 2.79 24.93 27.72 OK
r-patched-solaris-x86 0.2.1 51.80 OK
r-release-linux-x86_64 0.2.1 2.44 22.65 25.09 OK
r-release-windows-ix86+x86_64 0.2.1 5.00 39.00 44.00 OK
r-release-osx-x86_64 0.2.1 OK
r-oldrel-windows-ix86+x86_64 0.2.0 9.00 56.00 65.00 OK
r-oldrel-osx-x86_64 0.2.0 WARN

Check Details

Version: 0.2.0
Check: for code/documentation mismatches
Result: WARN
    Error: package or namespace load failed for ‘packagefinder’:
     .onAttach failed in attachNamespace() for 'packagefinder', details:
     call: readRDS(con)
     error: error reading from connection
    Call sequence:
    6: stop(msg, call. = FALSE, domain = NA)
    5: value[[3L]](cond)
    4: tryCatchOne(expr, names, parentenv, handlers[[1L]])
    3: tryCatchList(expr, classes, parentenv, handlers)
    2: tryCatch({
     attr(package, "LibPath") <- which.lib.loc
     ns <- loadNamespace(package, lib.loc)
     env <- attachNamespace(ns, pos = pos, deps)
     }, error = function(e) {
     P <- if (!is.null(cc <- conditionCall(e)))
     paste(" in", deparse(cc)[1L])
     else ""
     msg <- gettextf("package or namespace load failed for %s%s:\n %s",
     sQuote(package), P, conditionMessage(e))
     if (logical.return)
     message(paste("Error:", msg), domain = NA)
     else stop(msg, call. = FALSE, domain = NA)
     })
    1: library(package, lib.loc = lib.loc, character.only = TRUE,
    Execution halted
Flavor: r-oldrel-osx-x86_64