CRAN Package Check Results for Package packS4

Last updated on 2020-01-24 09:51:13 CET.

Flavor Version Tinstall Tcheck Ttotal Status Flags
r-devel-linux-x86_64-debian-clang 0.9.3 2.18 23.14 25.32 NOTE
r-devel-linux-x86_64-debian-gcc 0.9.3 1.91 18.52 20.43 NOTE
r-devel-linux-x86_64-fedora-clang 0.9.3 31.65 NOTE
r-devel-linux-x86_64-fedora-gcc 0.9.3 30.60 NOTE
r-devel-windows-ix86+x86_64 0.9.3 11.00 49.00 60.00 NOTE
r-devel-windows-ix86+x86_64-gcc8 0.9.3 7.00 40.00 47.00 NOTE
r-patched-linux-x86_64 0.9.3 1.91 21.03 22.94 NOTE
r-patched-solaris-x86 0.9.3 45.80 NOTE
r-release-linux-x86_64 0.9.3 1.52 21.22 22.74 NOTE
r-release-windows-ix86+x86_64 0.9.3 5.00 48.00 53.00 NOTE
r-release-osx-x86_64 0.9.3 NOTE
r-oldrel-windows-ix86+x86_64 0.9.3 3.00 34.00 37.00 NOTE
r-oldrel-osx-x86_64 0.9.3 NOTE

Check Details

Version: 0.9.3
Check: R code for possible problems
Result: NOTE
    [,ClassW: warning in switch(EXP = i, u1 = {: partial argument match of
     'EXP' to 'EXPR'
    [,ClassW: warning in return(x@u1): partial argument match of 'EXP' to
     'EXPR'
    [,ClassW: warning in }, u2 = {: partial argument match of 'EXP' to
     'EXPR'
    [,ClassW: warning in return(x@u2): partial argument match of 'EXP' to
     'EXPR'
    [,ClassW: warning in }, w1 = {: partial argument match of 'EXP' to
     'EXPR'
    [,ClassW: warning in return(x@w1): partial argument match of 'EXP' to
     'EXPR'
    [,ClassW: warning in }): partial argument match of 'EXP' to 'EXPR'
    [<-,ClassW: warning in switch(EXP = i, u1 = {: partial argument match
     of 'EXP' to 'EXPR'
    [<-,ClassW: warning in x@u1 <- value: partial argument match of 'EXP'
     to 'EXPR'
    [<-,ClassW: warning in }, u2 = {: partial argument match of 'EXP' to
     'EXPR'
    [<-,ClassW: warning in x@u2 <- value: partial argument match of 'EXP'
     to 'EXPR'
    [<-,ClassW: warning in }, w1 = {: partial argument match of 'EXP' to
     'EXPR'
    [<-,ClassW: warning in x@w1 <- value: partial argument match of 'EXP'
     to 'EXPR'
    [<-,ClassW: warning in }): partial argument match of 'EXP' to 'EXPR'
Flavors: r-devel-linux-x86_64-debian-clang, r-devel-linux-x86_64-debian-gcc, r-devel-linux-x86_64-fedora-clang, r-devel-linux-x86_64-fedora-gcc, r-devel-windows-ix86+x86_64, r-devel-windows-ix86+x86_64-gcc8, r-patched-linux-x86_64, r-patched-solaris-x86, r-release-linux-x86_64, r-release-windows-ix86+x86_64, r-release-osx-x86_64, r-oldrel-windows-ix86+x86_64, r-oldrel-osx-x86_64