CRAN Package Check Results for Package pRF

Last updated on 2019-09-15 07:48:51 CEST.

Flavor Version Tinstall Tcheck Ttotal Status Flags
r-devel-linux-x86_64-debian-clang 1.2 9.94 83.53 93.47 OK
r-devel-linux-x86_64-debian-gcc 1.2 8.65 65.18 73.83 OK
r-devel-linux-x86_64-fedora-clang 1.2 111.03 OK
r-devel-linux-x86_64-fedora-gcc 1.2 118.93 OK
r-devel-windows-ix86+x86_64 1.2 42.00 125.00 167.00 OK
r-patched-linux-x86_64 1.2 9.20 79.31 88.51 OK
r-patched-solaris-x86 1.2 181.10 OK
r-release-linux-x86_64 1.2 9.39 79.14 88.53 OK
r-release-windows-ix86+x86_64 1.2 22.00 128.00 150.00 OK
r-release-osx-x86_64 1.2 ERROR
r-oldrel-windows-ix86+x86_64 1.2 17.00 85.00 102.00 OK
r-oldrel-osx-x86_64 1.2 OK

Check Details

Version: 1.2
Check: package dependencies
Result: ERROR
    Package required but not available: ‘multtest’
    
    See section ‘The DESCRIPTION file’ in the ‘Writing R Extensions’
    manual.
Flavor: r-release-osx-x86_64