CRAN Package Check Results for Package pGPx

Last updated on 2021-12-02 23:51:16 CET.

Flavor Version Tinstall Tcheck Ttotal Status Flags
r-devel-linux-x86_64-debian-clang 0.1.1 30.62 49.61 80.23 NOTE
r-devel-linux-x86_64-debian-gcc 0.1.1 20.87 37.59 58.46 NOTE
r-devel-linux-x86_64-fedora-clang 0.1.1 114.51 NOTE
r-devel-linux-x86_64-fedora-gcc 0.1.1 100.85 NOTE
r-devel-windows-x86_64-new-UL 0.1.1 43.00 113.00 156.00 NOTE
r-devel-windows-x86_64-new-TK 0.1.1 NOTE
r-devel-windows-x86_64-old 0.1.1 38.00 63.00 101.00 NOTE
r-patched-linux-x86_64 0.1.1 25.44 47.29 72.73 NOTE
r-patched-solaris-x86 0.1.1 131.20 NOTE
r-release-linux-x86_64 0.1.1 23.04 46.91 69.95 NOTE
r-release-macos-arm64 0.1.1 NOTE
r-release-macos-x86_64 0.1.1 NOTE
r-release-windows-ix86+x86_64 0.1.1 71.00 117.00 188.00 NOTE
r-oldrel-macos-x86_64 0.1.1 OK
r-oldrel-windows-ix86+x86_64 0.1.1 73.00 119.00 192.00 OK

Check Details

Version: 0.1.1
Check: LazyData
Result: NOTE
     'LazyData' is specified without a 'data' directory
Flavors: r-devel-linux-x86_64-debian-clang, r-devel-linux-x86_64-debian-gcc, r-devel-linux-x86_64-fedora-clang, r-devel-linux-x86_64-fedora-gcc, r-devel-windows-x86_64-new-UL, r-devel-windows-x86_64-new-TK, r-devel-windows-x86_64-old, r-patched-linux-x86_64, r-patched-solaris-x86, r-release-linux-x86_64, r-release-macos-arm64, r-release-macos-x86_64, r-release-windows-ix86+x86_64