Last updated on 2022-08-16 17:53:32 CEST.
Flavor | Version | Tinstall | Tcheck | Ttotal | Status | Flags |
---|---|---|---|---|---|---|
r-devel-linux-x86_64-debian-clang | 0.9.3 | 10.71 | 201.26 | 211.97 | OK | |
r-devel-linux-x86_64-debian-gcc | 0.9.3 | 9.03 | 133.92 | 142.95 | OK | |
r-devel-linux-x86_64-fedora-clang | 0.9.3 | 237.30 | NOTE | |||
r-devel-linux-x86_64-fedora-gcc | 0.9.3 | 238.29 | NOTE | |||
r-devel-windows-x86_64 | 0.9.3 | 19.00 | 249.00 | 268.00 | OK | |
r-patched-linux-x86_64 | 0.9.3 | 9.81 | 176.81 | 186.62 | OK | |
r-release-linux-x86_64 | 0.9.3 | 10.25 | 174.37 | 184.62 | OK | |
r-release-macos-arm64 | 0.9.3 | 54.00 | NOTE | |||
r-release-macos-x86_64 | 0.9.3 | 98.00 | NOTE | |||
r-release-windows-x86_64 | 0.9.3 | 17.00 | 226.00 | 243.00 | OK | |
r-oldrel-macos-arm64 | 0.9.3 | 70.00 | NOTE | |||
r-oldrel-macos-x86_64 | 0.9.3 | 113.00 | NOTE | |||
r-oldrel-windows-ix86+x86_64 | 0.9.3 | 23.00 | 212.00 | 235.00 | OK |
Version: 0.9.3
Check: dependencies in R code
Result: NOTE
Namespace in Imports field not imported from: ‘base’
All declared Imports should be used.
Flavors: r-devel-linux-x86_64-fedora-clang, r-devel-linux-x86_64-fedora-gcc, r-release-macos-arm64, r-release-macos-x86_64, r-oldrel-macos-arm64, r-oldrel-macos-x86_64