CRAN Package Check Results for Package ozmaps

Last updated on 2023-12-06 18:52:53 CET.

Flavor Version Tinstall Tcheck Ttotal Status Flags
r-devel-linux-x86_64-debian-clang 0.4.5 11.47 74.81 86.28 OK
r-devel-linux-x86_64-debian-gcc 0.4.5 8.95 57.80 66.75 OK
r-devel-linux-x86_64-fedora-clang 0.4.5 105.63 OK
r-devel-linux-x86_64-fedora-gcc 0.4.5 114.40 OK
r-devel-windows-x86_64 0.4.5 11.00 76.00 87.00 OK
r-patched-linux-x86_64 0.4.5 9.53 71.28 80.81 OK
r-release-linux-x86_64 0.4.5 9.58 71.29 80.87 OK
r-release-macos-arm64 0.4.5 42.00 NOTE
r-release-macos-x86_64 0.4.5 72.00 OK
r-release-windows-x86_64 0.4.5 13.00 90.00 103.00 OK
r-oldrel-macos-arm64 0.4.5 36.00 NOTE
r-oldrel-macos-x86_64 0.4.5 51.00 OK
r-oldrel-windows-x86_64 0.4.5 15.00 91.00 106.00 OK

Check Details

Version: 0.4.5
Check: installed package size
Result: NOTE installed size is 5.1Mb sub-directories of 1Mb or more: data 4.0Mb Flavors: r-release-macos-arm64, r-oldrel-macos-arm64