CRAN Package Check Results for Package outliertree

Last updated on 2020-07-09 22:48:52 CEST.

Flavor Version Tinstall Tcheck Ttotal Status Flags
r-devel-linux-x86_64-debian-clang 1.3.0 62.20 31.94 94.14 OK
r-devel-linux-x86_64-debian-gcc 1.3.0 53.09 24.28 77.37 OK
r-devel-linux-x86_64-fedora-clang 1.3.0 137.65 NOTE
r-devel-linux-x86_64-fedora-gcc 1.3.0 125.25 OK
r-devel-windows-ix86+x86_64 1.3.0 120.00 70.00 190.00 OK
r-patched-linux-x86_64 1.3.0 59.93 31.02 90.95 OK
r-patched-solaris-x86 1.3.0 130.10 OK
r-release-linux-x86_64 1.3.0 60.13 31.22 91.35 OK
r-release-osx-x86_64 1.3.0 NOTE
r-release-windows-ix86+x86_64 1.3.0 112.00 91.00 203.00 OK
r-oldrel-osx-x86_64 1.3.0 NOTE
r-oldrel-windows-ix86+x86_64 1.3.0 145.00 71.00 216.00 OK

Check Details

Version: 1.3.0
Check: installed package size
Result: NOTE
     installed size is 7.0Mb
     sub-directories of 1Mb or more:
     libs 6.8Mb
Flavors: r-devel-linux-x86_64-fedora-clang, r-release-osx-x86_64, r-oldrel-osx-x86_64