CRAN Package Check Results for Package outliertree

Last updated on 2019-12-14 03:49:03 CET.

Flavor Version Tinstall Tcheck Ttotal Status Flags
r-devel-linux-x86_64-debian-clang 1.0.4 56.91 29.55 86.46 OK
r-devel-linux-x86_64-debian-gcc 1.0.4 50.53 22.55 73.08 OK
r-devel-linux-x86_64-fedora-clang 1.0.4 118.23 NOTE
r-devel-linux-x86_64-fedora-gcc 1.0.4 122.10 OK
r-devel-windows-ix86+x86_64 1.0.4 112.00 86.00 198.00 OK
r-devel-windows-ix86+x86_64-gcc8 1.0.4 117.00 93.00 210.00 OK
r-patched-linux-x86_64 1.0.4 52.45 26.67 79.12 OK
r-patched-solaris-x86 1.0.4 123.60 ERROR
r-release-linux-x86_64 1.0.4 52.93 26.33 79.26 OK
r-release-windows-ix86+x86_64 1.0.4 106.00 64.00 170.00 OK
r-release-osx-x86_64 1.0.4 NOTE
r-oldrel-windows-ix86+x86_64 1.0.4 104.00 63.00 167.00 OK
r-oldrel-osx-x86_64 1.0.4 NOTE

Check Details

Version: 1.0.4
Check: installed package size
Result: NOTE
     installed size is 6.0Mb
     sub-directories of 1Mb or more:
     libs 5.8Mb
Flavors: r-devel-linux-x86_64-fedora-clang, r-release-osx-x86_64, r-oldrel-osx-x86_64

Version: 1.0.4
Check: examples
Result: ERROR
    Running examples in ‘outliertree-Ex.R’ failed
    The error most likely occurred in:
    
    > ### Name: outlier.tree
    > ### Title: Outlier Tree
    > ### Aliases: outlier.tree
    >
    > ### ** Examples
    >
    > library(outliertree)
    >
    > ### example dataset with interesting outliers
    > data(hypothyroid)
    >
    > ### fit the model and get a print of outliers
    > model <- outlier.tree(hypothyroid, outliers_print=10, save_outliers=TRUE)
    
     *** caught segfault ***
    address 4cf845d8, cause 'memory not mapped'
    
    Traceback:
     1: fit_OutlierTree(model_data$arr_num, model_data$ncol_num, model_data$arr_cat, model_data$ncol_cat, model_data$ncat, model_data$arr_ord, model_data$ncol_ord, model_data$ncat_ord, model_data$nrow, model_data$cols_ign, nthreads, categ_as_bin, ord_as_bin, cat_bruteforce_subset, max_depth, pct_outliers, min_size_numeric, min_size_categ, min_gain, follow_all, z_norm, z_outlier, as.logical(save_outliers | outliers_print), lapply(model_data$cat_levels, as.character), lapply(model_data$ord_levels, as.character), as.character(c(model_data$cols_num, model_data$cols_date, model_data$cols_ts)), as.character(c(model_data$cols_cat, model_data$cols_bool)), as.character(model_data$cols_ord), model_data$date_min, model_data$ts_min)
     2: outlier.tree(hypothyroid, outliers_print = 10, save_outliers = TRUE)
    An irrecoverable exception occurred. R is aborting now ...
Flavor: r-patched-solaris-x86