Last updated on 2023-03-29 11:52:23 CEST.
Flavor | Version | Tinstall | Tcheck | Ttotal | Status | Flags |
---|---|---|---|---|---|---|
r-devel-linux-x86_64-debian-clang | 0.1.0 | 149.81 | 229.36 | 379.17 | NOTE | |
r-devel-linux-x86_64-debian-gcc | 0.1.0 | 129.65 | 188.80 | 318.45 | NOTE | |
r-devel-linux-x86_64-fedora-clang | 0.1.0 | 471.75 | NOTE | |||
r-devel-linux-x86_64-fedora-gcc | 0.1.0 | 476.40 | NOTE | |||
r-devel-windows-x86_64 | 0.1.0 | 137.00 | 0.00 | 137.00 | NOTE | |
r-patched-linux-x86_64 | 0.1.0 | 133.86 | 224.61 | 358.47 | NOTE | |
r-release-linux-x86_64 | 0.1.0 | 128.49 | 216.39 | 344.88 | NOTE | |
r-release-macos-arm64 | 0.1.0 | 122.00 | NOTE | |||
r-release-macos-x86_64 | 0.1.0 | 146.00 | NOTE | |||
r-release-windows-x86_64 | 0.1.0 | 137.00 | 227.00 | 364.00 | NOTE | |
r-oldrel-macos-arm64 | 0.1.0 | 119.00 | NOTE | |||
r-oldrel-macos-x86_64 | 0.1.0 | 160.00 | NOTE | |||
r-oldrel-windows-ix86+x86_64 | 0.1.0 | 344.00 | 285.00 | 629.00 | NOTE |
Version: 0.1.0
Check: C++ specification
Result: NOTE
Specified C++11: please drop specification unless essential
Flavors: r-devel-linux-x86_64-debian-clang, r-devel-linux-x86_64-debian-gcc, r-devel-linux-x86_64-fedora-clang, r-devel-linux-x86_64-fedora-gcc, r-devel-windows-x86_64, r-patched-linux-x86_64
Version: 0.1.0
Check: for GNU extensions in Makefiles
Result: NOTE
GNU make is a SystemRequirements.
Flavors: r-devel-linux-x86_64-debian-clang, r-devel-linux-x86_64-debian-gcc, r-devel-linux-x86_64-fedora-clang, r-devel-linux-x86_64-fedora-gcc, r-devel-windows-x86_64, r-patched-linux-x86_64, r-release-linux-x86_64, r-release-macos-arm64, r-release-macos-x86_64, r-release-windows-x86_64, r-oldrel-macos-arm64, r-oldrel-macos-x86_64, r-oldrel-windows-ix86+x86_64
Version: 0.1.0
Check: installed package size
Result: NOTE
installed size is 16.0Mb
sub-directories of 1Mb or more:
libs 15.5Mb
Flavors: r-release-macos-arm64, r-release-macos-x86_64, r-oldrel-macos-arm64, r-oldrel-macos-x86_64