CRAN Package Check Results for Package outbreaker2

Last updated on 2023-11-29 11:01:43 CET.

Flavor Version Tinstall Tcheck Ttotal Status Flags
r-devel-linux-x86_64-debian-clang 1.1.3 55.48 223.57 279.05 NOTE
r-devel-linux-x86_64-debian-gcc 1.1.3 40.76 167.71 208.47 NOTE
r-devel-linux-x86_64-fedora-clang 1.1.3 380.65 NOTE
r-devel-linux-x86_64-fedora-gcc 1.1.3 386.28 NOTE
r-devel-windows-x86_64 1.1.3 44.00 196.00 240.00 NOTE
r-patched-linux-x86_64 1.1.3 39.65 210.89 250.54 NOTE
r-release-linux-x86_64 1.1.3 34.95 218.28 253.23 NOTE
r-release-macos-arm64 1.1.3 124.00 NOTE
r-release-macos-x86_64 1.1.3 243.00 NOTE
r-release-windows-x86_64 1.1.3 61.00 243.00 304.00 NOTE
r-oldrel-macos-arm64 1.1.3 143.00 OK
r-oldrel-macos-x86_64 1.1.3 136.00 OK
r-oldrel-windows-x86_64 1.1.3 55.00 234.00 289.00 OK

Check Details

Version: 1.1.3
Check: C++ specification
Result: NOTE Specified C++11: please drop specification unless essential Flavors: r-devel-linux-x86_64-debian-clang, r-devel-linux-x86_64-debian-gcc, r-devel-linux-x86_64-fedora-clang, r-devel-linux-x86_64-fedora-gcc, r-devel-windows-x86_64, r-patched-linux-x86_64, r-release-linux-x86_64, r-release-macos-arm64, r-release-macos-x86_64, r-release-windows-x86_64