CRAN Package Check Results for Package otvPlots

Last updated on 2019-03-19 07:47:14 CET.

Flavor Version Tinstall Tcheck Ttotal Status Flags
r-devel-linux-x86_64-debian-clang 0.2.1 10.95 140.04 150.99 OK
r-devel-linux-x86_64-debian-gcc 0.2.1 8.13 115.75 123.88 OK
r-devel-linux-x86_64-fedora-clang 0.2.1 156.38 NOTE
r-devel-linux-x86_64-fedora-gcc 0.2.1 151.34 NOTE
r-devel-windows-ix86+x86_64 0.2.1 29.00 125.00 154.00 OK
r-patched-linux-x86_64 0.2.1 8.22 130.77 138.99 OK
r-patched-solaris-x86 0.2.1 204.80 NOTE
r-release-linux-x86_64 0.2.1 7.14 123.86 131.00 OK
r-release-windows-ix86+x86_64 0.2.1 17.00 193.00 210.00 OK
r-release-osx-x86_64 0.2.1 NOTE
r-oldrel-windows-ix86+x86_64 0.2.1 18.00 177.00 195.00 OK
r-oldrel-osx-x86_64 0.2.1 NOTE

Check Details

Version: 0.2.1
Check: dependencies in R code
Result: NOTE
    Namespace in Imports field not imported from: ‘quantreg’
     All declared Imports should be used.
Flavors: r-devel-linux-x86_64-fedora-clang, r-devel-linux-x86_64-fedora-gcc, r-patched-solaris-x86, r-release-osx-x86_64, r-oldrel-osx-x86_64