CRAN Package Check Results for Package otvPlots

Last updated on 2019-05-22 21:51:13 CEST.

Flavor Version Tinstall Tcheck Ttotal Status Flags
r-devel-linux-x86_64-debian-clang 0.2.1 10.21 129.37 139.58 OK
r-devel-linux-x86_64-debian-gcc 0.2.1 9.58 98.77 108.35 OK
r-devel-linux-x86_64-fedora-clang 0.2.1 154.97 NOTE
r-devel-linux-x86_64-fedora-gcc 0.2.1 141.87 NOTE
r-devel-windows-ix86+x86_64 0.2.1 20.00 171.00 191.00 OK
r-patched-linux-x86_64 0.2.1 9.98 117.47 127.45 OK
r-patched-solaris-x86 0.2.1 213.00 NOTE
r-release-linux-x86_64 0.2.1 10.66 116.69 127.35 OK
r-release-windows-ix86+x86_64 0.2.1 30.00 170.00 200.00 OK
r-release-osx-x86_64 0.2.1 NOTE
r-oldrel-windows-ix86+x86_64 0.2.1 11.00 119.00 130.00 OK
r-oldrel-osx-x86_64 0.2.1 NOTE

Check Details

Version: 0.2.1
Check: dependencies in R code
Result: NOTE
    Namespace in Imports field not imported from: ‘quantreg’
     All declared Imports should be used.
Flavors: r-devel-linux-x86_64-fedora-clang, r-devel-linux-x86_64-fedora-gcc, r-patched-solaris-x86, r-release-osx-x86_64, r-oldrel-osx-x86_64