Last updated on 2023-12-10 06:50:32 CET.
Flavor | Version | Tinstall | Tcheck | Ttotal | Status | Flags |
---|---|---|---|---|---|---|
r-devel-linux-x86_64-debian-clang | 0.2.5 | 117.38 | 90.94 | 208.32 | OK | |
r-devel-linux-x86_64-debian-gcc | 0.2.5 | 84.58 | 68.08 | 152.66 | OK | |
r-devel-linux-x86_64-fedora-clang | 0.2.5 | 283.24 | NOTE | |||
r-devel-linux-x86_64-fedora-gcc | 0.2.5 | 308.33 | OK | |||
r-devel-windows-x86_64 | 0.2.5 | 89.00 | 112.00 | 201.00 | NOTE | |
r-patched-linux-x86_64 | 0.2.5 | 103.32 | 87.82 | 191.14 | OK | |
r-release-linux-x86_64 | 0.2.5 | 104.37 | 85.02 | 189.39 | OK | |
r-release-macos-arm64 | 0.2.5 | 74.00 | NOTE | |||
r-release-macos-x86_64 | 0.2.5 | 93.00 | NOTE | |||
r-release-windows-x86_64 | 0.2.5 | 113.00 | 135.00 | 248.00 | NOTE | |
r-oldrel-macos-arm64 | 0.2.5 | 70.00 | NOTE | |||
r-oldrel-macos-x86_64 | 0.2.5 | 110.00 | NOTE | |||
r-oldrel-windows-x86_64 | 0.2.5 | 100.00 | 125.00 | 225.00 | NOTE |
Version: 0.2.5
Check: installed package size
Result: NOTE
installed size is 6.1Mb
sub-directories of 1Mb or more:
doc 5.0Mb
Flavors: r-devel-linux-x86_64-fedora-clang, r-devel-windows-x86_64, r-release-macos-arm64, r-release-macos-x86_64, r-release-windows-x86_64, r-oldrel-macos-arm64, r-oldrel-macos-x86_64, r-oldrel-windows-x86_64