CRAN Package Check Results for Package osmclass

Last updated on 2024-06-18 16:49:59 CEST.

Flavor Version Tinstall Tcheck Ttotal Status Flags
r-devel-linux-x86_64-debian-clang 0.1.3 3.41 36.07 39.48 OK
r-devel-linux-x86_64-debian-gcc 0.1.3 2.88 27.43 30.31 OK
r-devel-linux-x86_64-fedora-clang 0.1.3 50.68 NOTE
r-devel-linux-x86_64-fedora-gcc 0.1.3 47.53 NOTE
r-devel-windows-x86_64 0.1.3 3.00 48.00 51.00 OK
r-patched-linux-x86_64 0.1.3 3.63 34.81 38.44 OK
r-release-linux-x86_64 0.1.3 3.47 34.52 37.99 OK
r-release-macos-arm64 0.1.3 19.00 OK
r-release-macos-x86_64 0.1.3 25.00 OK
r-release-windows-x86_64 0.1.3 5.00 48.00 53.00 OK
r-oldrel-macos-arm64 0.1.3 23.00 OK
r-oldrel-macos-x86_64 0.1.3 46.00 OK
r-oldrel-windows-x86_64 0.1.3 4.00 51.00 55.00 OK

Check Details

Version: 0.1.3
Check: data for non-ASCII characters
Result: NOTE Note: found 5889 marked UTF-8 strings Flavors: r-devel-linux-x86_64-fedora-clang, r-devel-linux-x86_64-fedora-gcc