CRAN Package Check Results for Package orthoDr

Last updated on 2021-11-26 23:50:08 CET.

Flavor Version Tinstall Tcheck Ttotal Status Flags
r-devel-linux-x86_64-debian-clang 0.6.4 289.11 100.94 390.05 OK
r-devel-linux-x86_64-debian-gcc 0.6.4 207.08 78.96 286.04 OK
r-devel-linux-x86_64-fedora-clang 0.6.4 586.65 NOTE
r-devel-linux-x86_64-fedora-gcc 0.6.4 505.65 OK
r-devel-windows-x86_64-new-UL 0.6.4 338.00 168.00 506.00 OK
r-devel-windows-x86_64-new-TK 0.6.4 OK
r-devel-windows-x86_64-old 0.6.4 247.00 111.00 358.00 OK
r-patched-linux-x86_64 0.6.4 241.47 97.30 338.77 OK
r-patched-solaris-x86 0.6.4 490.30 OK
r-release-linux-x86_64 0.6.4 OK
r-release-macos-arm64 0.6.4 NOTE
r-release-macos-x86_64 0.6.4 NOTE
r-release-windows-ix86+x86_64 0.6.4 657.00 180.00 837.00 OK
r-oldrel-macos-x86_64 0.6.4 NOTE
r-oldrel-windows-ix86+x86_64 0.6.4 475.00 176.00 651.00 OK

Check Details

Version: 0.6.4
Check: installed package size
Result: NOTE
     installed size is 15.9Mb
     sub-directories of 1Mb or more:
     libs 15.6Mb
Flavors: r-devel-linux-x86_64-fedora-clang, r-release-macos-arm64, r-release-macos-x86_64, r-oldrel-macos-x86_64