Last updated on 2022-08-13 00:51:06 CEST.
Flavor | Version | Tinstall | Tcheck | Ttotal | Status | Flags |
---|---|---|---|---|---|---|
r-devel-linux-x86_64-debian-clang | 0.2.6 | 11.98 | 89.18 | 101.16 | NOTE | |
r-devel-linux-x86_64-debian-gcc | 0.2.6 | 8.29 | 67.67 | 75.96 | NOTE | |
r-devel-linux-x86_64-fedora-clang | 0.2.6 | 135.88 | NOTE | |||
r-devel-linux-x86_64-fedora-gcc | 0.2.6 | 139.43 | NOTE | |||
r-devel-windows-x86_64 | 0.2.6 | 18.00 | 113.00 | 131.00 | NOTE | |
r-patched-linux-x86_64 | 0.2.6 | 11.88 | 86.10 | 97.98 | OK | |
r-release-linux-x86_64 | 0.2.6 | 11.09 | 84.08 | 95.17 | OK | |
r-release-macos-arm64 | 0.2.6 | 34.00 | NOTE | |||
r-release-macos-x86_64 | 0.2.6 | 51.00 | NOTE | |||
r-release-windows-x86_64 | 0.2.6 | 16.00 | 106.00 | 122.00 | OK | |
r-oldrel-macos-arm64 | 0.2.6 | 41.00 | NOTE | |||
r-oldrel-macos-x86_64 | 0.2.6 | 74.00 | NOTE | |||
r-oldrel-windows-ix86+x86_64 | 0.2.6 | 22.00 | 103.00 | 125.00 | OK |
Version: 0.2.6
Check: Rd files
Result: NOTE
checkRd: (-1) compartmentalModel.Rd:33: Escaped LaTeX specials: \&
checkRd: (-1) multilinearReferenceTissueModel.Rd:65: Escaped LaTeX specials: \&
checkRd: (-1) simplifiedReferenceTissueModel.Rd:60: Escaped LaTeX specials: \&
Flavors: r-devel-linux-x86_64-debian-clang, r-devel-linux-x86_64-debian-gcc, r-devel-linux-x86_64-fedora-clang, r-devel-linux-x86_64-fedora-gcc, r-devel-windows-x86_64
Version: 0.2.6
Check: dependencies in R code
Result: NOTE
Namespace in Imports field not imported from: ‘grDevices’
All declared Imports should be used.
Flavors: r-devel-linux-x86_64-fedora-clang, r-devel-linux-x86_64-fedora-gcc, r-release-macos-arm64, r-release-macos-x86_64, r-oldrel-macos-arm64, r-oldrel-macos-x86_64