Last updated on 2022-06-26 15:53:05 CEST.
Flavor | Version | Tinstall | Tcheck | Ttotal | Status | Flags |
---|---|---|---|---|---|---|
r-devel-linux-x86_64-debian-clang | 0.11.2 | 18.72 | 108.18 | 126.90 | OK | |
r-devel-linux-x86_64-debian-gcc | 0.11.2 | 16.62 | 82.66 | 99.28 | OK | |
r-devel-linux-x86_64-fedora-clang | 0.11.2 | 163.90 | NOTE | |||
r-devel-linux-x86_64-fedora-gcc | 0.11.2 | 163.04 | OK | |||
r-devel-windows-x86_64 | 0.11.2 | 336.00 | 145.00 | 481.00 | NOTE | |
r-patched-linux-x86_64 | 0.11.2 | 19.59 | 104.31 | 123.90 | OK | |
r-release-linux-x86_64 | 0.11.2 | 17.68 | 104.73 | 122.41 | OK | |
r-release-macos-arm64 | 0.11.2 | 48.00 | NOTE | |||
r-release-macos-x86_64 | 0.11.2 | 64.00 | NOTE | |||
r-release-windows-x86_64 | 0.11.2 | 315.00 | 139.00 | 454.00 | NOTE | |
r-oldrel-macos-arm64 | 0.11.2 | 46.00 | NOTE | |||
r-oldrel-macos-x86_64 | 0.11.2 | 63.00 | NOTE | |||
r-oldrel-windows-ix86+x86_64 | 0.11.2 | 37.00 | 134.00 | 171.00 | NOTE |
Version: 0.11.2
Check: installed package size
Result: NOTE
installed size is 6.6Mb
sub-directories of 1Mb or more:
R 1.0Mb
nifti 3.8Mb
Flavors: r-devel-linux-x86_64-fedora-clang, r-devel-windows-x86_64, r-release-macos-arm64, r-release-macos-x86_64, r-release-windows-x86_64, r-oldrel-macos-arm64, r-oldrel-macos-x86_64, r-oldrel-windows-ix86+x86_64