Last updated on 2023-03-22 12:53:55 CET.
Flavor | Version | Tinstall | Tcheck | Ttotal | Status | Flags |
---|---|---|---|---|---|---|
r-devel-linux-x86_64-debian-clang | 0.11.4 | 19.02 | 129.78 | 148.80 | OK | |
r-devel-linux-x86_64-debian-gcc | 0.11.4 | 14.82 | 99.63 | 114.45 | OK | |
r-devel-linux-x86_64-fedora-clang | 0.11.4 | 193.71 | NOTE | |||
r-devel-linux-x86_64-fedora-gcc | 0.11.4 | 178.04 | OK | |||
r-patched-linux-x86_64 | 0.11.4 | 21.57 | 115.67 | 137.24 | OK | |
r-release-linux-x86_64 | 0.11.4 | 17.54 | 116.69 | 134.23 | OK | |
r-release-macos-arm64 | 0.11.4 | 50.00 | NOTE | |||
r-release-macos-x86_64 | 0.11.4 | 67.00 | NOTE | |||
r-release-windows-x86_64 | 0.11.4 | 206.00 | 159.00 | 365.00 | NOTE | |
r-oldrel-macos-arm64 | 0.11.4 | 50.00 | NOTE | |||
r-oldrel-macos-x86_64 | 0.11.4 | 67.00 | NOTE | |||
r-oldrel-windows-ix86+x86_64 | 0.11.4 | 38.00 | 154.00 | 192.00 | NOTE |
Version: 0.11.4
Check: installed package size
Result: NOTE
installed size is 6.7Mb
sub-directories of 1Mb or more:
R 1.0Mb
nifti 3.8Mb
Flavors: r-devel-linux-x86_64-fedora-clang, r-release-macos-arm64, r-release-macos-x86_64, r-release-windows-x86_64, r-oldrel-macos-arm64, r-oldrel-macos-x86_64, r-oldrel-windows-ix86+x86_64