CRAN Package Check Results for Package origami

Last updated on 2019-04-20 10:47:49 CEST.

Flavor Version Tinstall Tcheck Ttotal Status Flags
r-devel-linux-x86_64-debian-clang 1.0.0 2.55 69.97 72.52 ERROR
r-devel-linux-x86_64-debian-gcc 1.0.0 2.86 62.97 65.83 ERROR
r-devel-linux-x86_64-fedora-clang 1.0.0 87.19 ERROR
r-devel-linux-x86_64-fedora-gcc 1.0.0 86.07 ERROR
r-devel-windows-ix86+x86_64 1.0.0 11.00 107.00 118.00 ERROR
r-patched-linux-x86_64 1.0.0 2.62 69.43 72.05 ERROR
r-patched-solaris-x86 1.0.0 134.10 ERROR
r-release-linux-x86_64 1.0.0 1.50 67.70 69.20 OK
r-release-windows-ix86+x86_64 1.0.0 4.00 107.00 111.00 OK
r-release-osx-x86_64 1.0.0 OK
r-oldrel-windows-ix86+x86_64 1.0.0 3.00 113.00 116.00 OK
r-oldrel-osx-x86_64 1.0.0 OK

Check Details

Version: 1.0.0
Check: tests
Result: ERROR
     Running 'testthat.R' [29s/22s]
    Running the tests in 'tests/testthat.R' failed.
    Complete output:
     > library(testthat)
     > library(origami)
     origami: Generalized Cross-Validation Framework
     Version: 1.0.0
     > library(data.table)
     > test_check("origami")
     -- 1. Failure: CV MSE matches previous value (@test-overall.R#36) -------------
     `cv_MSE` not equal to 13.32.
     1/1 mismatches
     [1] 14.1 - 13.3 == 0.791
    
     == testthat results ===========================================================
     OK: 34 SKIPPED: 0 FAILED: 1
     1. Failure: CV MSE matches previous value (@test-overall.R#36)
    
     Error: testthat unit tests failed
     Execution halted
Flavor: r-devel-linux-x86_64-debian-clang

Version: 1.0.0
Check: tests
Result: ERROR
     Running ‘testthat.R’ [25s/24s]
    Running the tests in ‘tests/testthat.R’ failed.
    Complete output:
     > library(testthat)
     > library(origami)
     origami: Generalized Cross-Validation Framework
     Version: 1.0.0
     > library(data.table)
     > test_check("origami")
     ── 1. Failure: CV MSE matches previous value (@test-overall.R#36) ─────────────
     `cv_MSE` not equal to 13.32.
     1/1 mismatches
     [1] 14.1 - 13.3 == 0.791
    
     ══ testthat results ═══════════════════════════════════════════════════════════
     OK: 34 SKIPPED: 0 FAILED: 1
     1. Failure: CV MSE matches previous value (@test-overall.R#36)
    
     Error: testthat unit tests failed
     Execution halted
Flavor: r-devel-linux-x86_64-debian-gcc

Version: 1.0.0
Check: tests
Result: ERROR
     Running ‘testthat.R’ [33s/64s]
    Running the tests in ‘tests/testthat.R’ failed.
    Complete output:
     > library(testthat)
     > library(origami)
     origami: Generalized Cross-Validation Framework
     Version: 1.0.0
     > library(data.table)
     > test_check("origami")
     ── 1. Failure: CV MSE matches previous value (@test-overall.R#36) ─────────────
     `cv_MSE` not equal to 13.32.
     1/1 mismatches
     [1] 14.1 - 13.3 == 0.791
    
     ══ testthat results ═══════════════════════════════════════════════════════════
     OK: 34 SKIPPED: 0 FAILED: 1
     1. Failure: CV MSE matches previous value (@test-overall.R#36)
    
     Error: testthat unit tests failed
     Execution halted
Flavor: r-devel-linux-x86_64-fedora-clang

Version: 1.0.0
Check: tests
Result: ERROR
     Running ‘testthat.R’ [35s/58s]
    Running the tests in ‘tests/testthat.R’ failed.
    Complete output:
     > library(testthat)
     > library(origami)
     origami: Generalized Cross-Validation Framework
     Version: 1.0.0
     > library(data.table)
     > test_check("origami")
     ── 1. Failure: CV MSE matches previous value (@test-overall.R#36) ─────────────
     `cv_MSE` not equal to 13.32.
     1/1 mismatches
     [1] 14.1 - 13.3 == 0.791
    
     ══ testthat results ═══════════════════════════════════════════════════════════
     OK: 34 SKIPPED: 0 FAILED: 1
     1. Failure: CV MSE matches previous value (@test-overall.R#36)
    
     Error: testthat unit tests failed
     Execution halted
Flavor: r-devel-linux-x86_64-fedora-gcc

Version: 1.0.0
Check: tests
Result: ERROR
     Running 'testthat.R' [34s]
    Running the tests in 'tests/testthat.R' failed.
    Complete output:
     > library(testthat)
     > library(origami)
     origami: Generalized Cross-Validation Framework
     Version: 1.0.0
     > library(data.table)
     > test_check("origami")
     -- 1. Failure: CV MSE matches previous value (@test-overall.R#36) -------------
     `cv_MSE` not equal to 13.32.
     1/1 mismatches
     [1] 14.1 - 13.3 == 0.791
    
     == testthat results ===========================================================
     OK: 33 SKIPPED: 1 FAILED: 1
     1. Failure: CV MSE matches previous value (@test-overall.R#36)
    
     Error: testthat unit tests failed
     Execution halted
Flavor: r-devel-windows-ix86+x86_64

Version: 1.0.0
Check: tests
Result: ERROR
     Running ‘testthat.R’ [28s/23s]
    Running the tests in ‘tests/testthat.R’ failed.
    Complete output:
     > library(testthat)
     > library(origami)
     origami: Generalized Cross-Validation Framework
     Version: 1.0.0
     > library(data.table)
     > test_check("origami")
     ── 1. Failure: CV MSE matches previous value (@test-overall.R#36) ─────────────
     `cv_MSE` not equal to 13.32.
     1/1 mismatches
     [1] 14.1 - 13.3 == 0.791
    
     ══ testthat results ═══════════════════════════════════════════════════════════
     OK: 34 SKIPPED: 0 FAILED: 1
     1. Failure: CV MSE matches previous value (@test-overall.R#36)
    
     Error: testthat unit tests failed
     Execution halted
Flavor: r-patched-linux-x86_64

Version: 1.0.0
Check: tests
Result: ERROR
     Running ‘testthat.R’ [59s/33s]
    Running the tests in ‘tests/testthat.R’ failed.
    Complete output:
     > library(testthat)
     > library(origami)
     origami: Generalized Cross-Validation Framework
     Version: 1.0.0
     > library(data.table)
     > test_check("origami")
     ── 1. Failure: CV MSE matches previous value (@test-overall.R#36) ─────────────
     `cv_MSE` not equal to 13.32.
     1/1 mismatches
     [1] 14.1 - 13.3 == 0.791
    
     ══ testthat results ═══════════════════════════════════════════════════════════
     OK: 34 SKIPPED: 0 FAILED: 1
     1. Failure: CV MSE matches previous value (@test-overall.R#36)
    
     Error: testthat unit tests failed
     Execution halted
Flavor: r-patched-solaris-x86