CRAN Package Check Results for Package ore

Last updated on 2019-04-23 15:50:55 CEST.

Flavor Version Tinstall Tcheck Ttotal Status Flags
r-devel-linux-x86_64-debian-clang 1.6.2 21.68 22.70 44.38 OK
r-devel-linux-x86_64-debian-gcc 1.6.2 14.77 18.22 32.99 OK
r-devel-linux-x86_64-fedora-clang 1.6.2 56.89 OK
r-devel-linux-x86_64-fedora-gcc 1.6.2 51.53 OK
r-devel-windows-ix86+x86_64 1.6.2 100.00 41.00 141.00 NOTE
r-patched-linux-x86_64 1.6.2 17.86 22.70 40.56 OK
r-patched-solaris-x86 1.6.2 77.00 OK
r-release-linux-x86_64 1.6.2 15.54 19.15 34.69 OK
r-release-windows-ix86+x86_64 1.6.2 80.00 55.00 135.00 OK
r-release-osx-x86_64 1.6.2 OK
r-oldrel-windows-ix86+x86_64 1.6.2 108.00 46.00 154.00 OK
r-oldrel-osx-x86_64 1.6.2 OK

Check Details

Version: 1.6.2
Check: whether package can be installed
Result: NOTE
    Found the following notes/warnings:
     Non-staged installation was used
Flavor: r-devel-windows-ix86+x86_64