CRAN Package Check Results for Package ordinalForest

Last updated on 2020-02-26 10:48:25 CET.

Flavor Version Tinstall Tcheck Ttotal Status Flags
r-devel-linux-x86_64-debian-clang 2.3-1 61.87 39.64 101.51 OK
r-devel-linux-x86_64-debian-gcc 2.3-1 45.21 30.38 75.59 OK
r-devel-linux-x86_64-fedora-clang 2.3-1 152.12 NOTE
r-devel-linux-x86_64-fedora-gcc 2.3-1 129.98 NOTE
r-devel-windows-ix86+x86_64 2.3-1 127.00 76.00 203.00 OK
r-devel-windows-ix86+x86_64-gcc8 2.3-1 125.00 77.00 202.00 OK
r-patched-linux-x86_64 2.3-1 50.89 36.42 87.31 OK
r-patched-solaris-x86 2.3-1 277.40 NOTE
r-release-linux-x86_64 2.3-1 49.94 36.46 86.40 OK
r-release-windows-ix86+x86_64 2.3-1 132.00 71.00 203.00 OK
r-release-osx-x86_64 2.3-1 NOTE
r-oldrel-windows-ix86+x86_64 2.3-1 131.00 75.00 206.00 OK
r-oldrel-osx-x86_64 2.3-1 NOTE

Check Details

Version: 2.3-1
Check: installed package size
Result: NOTE
     installed size is 5.7Mb
     sub-directories of 1Mb or more:
     libs 5.5Mb
Flavor: r-devel-linux-x86_64-fedora-clang

Version: 2.3-1
Check: dependencies in R code
Result: NOTE
    Namespace in Imports field not imported from: ‘ggplot2’
     All declared Imports should be used.
Flavors: r-devel-linux-x86_64-fedora-clang, r-devel-linux-x86_64-fedora-gcc, r-patched-solaris-x86, r-release-osx-x86_64, r-oldrel-osx-x86_64