CRAN Package Check Results for Package ordinalForest

Last updated on 2019-09-21 17:46:56 CEST.

Flavor Version Tinstall Tcheck Ttotal Status Flags
r-devel-linux-x86_64-debian-clang 2.3-1 57.19 36.29 93.48 OK
r-devel-linux-x86_64-debian-gcc 2.3-1 48.15 29.28 77.43 OK
r-devel-linux-x86_64-fedora-clang 2.3-1 148.55 NOTE
r-devel-linux-x86_64-fedora-gcc 2.3-1 126.60 NOTE
r-devel-windows-ix86+x86_64 2.3-1 190.00 73.00 263.00 OK
r-patched-linux-x86_64 2.3-1 49.99 36.08 86.07 OK
r-patched-solaris-x86 2.3-1 245.10 NOTE
r-release-linux-x86_64 2.3-1 52.76 36.06 88.82 OK
r-release-windows-ix86+x86_64 2.3-1 126.00 78.00 204.00 OK
r-release-osx-x86_64 2.3-1 NOTE
r-oldrel-windows-ix86+x86_64 2.3-1 124.00 71.00 195.00 OK
r-oldrel-osx-x86_64 2.3-1 NOTE

Check Details

Version: 2.3-1
Check: installed package size
Result: NOTE
     installed size is 5.7Mb
     sub-directories of 1Mb or more:
     libs 5.5Mb
Flavor: r-devel-linux-x86_64-fedora-clang

Version: 2.3-1
Check: dependencies in R code
Result: NOTE
    Namespace in Imports field not imported from: ‘ggplot2’
     All declared Imports should be used.
Flavors: r-devel-linux-x86_64-fedora-clang, r-devel-linux-x86_64-fedora-gcc, r-patched-solaris-x86, r-release-osx-x86_64, r-oldrel-osx-x86_64