Last updated on 2023-03-30 17:52:37 CEST.
Flavor | Version | Tinstall | Tcheck | Ttotal | Status | Flags |
---|---|---|---|---|---|---|
r-devel-linux-x86_64-debian-clang | 1.3.5 | 192.54 | 62.77 | 255.31 | NOTE | |
r-devel-linux-x86_64-debian-gcc | 1.3.5 | 148.33 | 52.53 | 200.86 | WARN | |
r-devel-linux-x86_64-fedora-clang | 1.3.5 | 385.31 | NOTE | |||
r-devel-linux-x86_64-fedora-gcc | 1.3.5 | 360.78 | WARN | |||
r-devel-windows-x86_64 | 1.3.5 | 171.00 | 0.00 | 171.00 | NOTE | |
r-patched-linux-x86_64 | 1.3.5 | 163.71 | 66.79 | 230.50 | NOTE | |
r-release-linux-x86_64 | 1.3.5 | 157.69 | 70.11 | 227.80 | OK | |
r-release-macos-arm64 | 1.3.5 | 94.00 | NOTE | |||
r-release-macos-x86_64 | 1.3.5 | 118.00 | NOTE | |||
r-release-windows-x86_64 | 1.3.5 | 182.00 | 144.00 | 326.00 | OK | |
r-oldrel-macos-arm64 | 1.3.5 | 120.00 | NOTE | |||
r-oldrel-macos-x86_64 | 1.3.5 | 134.00 | NOTE | |||
r-oldrel-windows-ix86+x86_64 | 1.3.5 | 441.00 | 139.00 | 580.00 | OK |
Version: 1.3.5
Check: C++ specification
Result: NOTE
Specified C++11: please drop specification unless essential
Flavors: r-devel-linux-x86_64-debian-clang, r-devel-linux-x86_64-debian-gcc, r-devel-linux-x86_64-fedora-clang, r-devel-linux-x86_64-fedora-gcc, r-devel-windows-x86_64, r-patched-linux-x86_64
Version: 1.3.5
Check: whether package can be installed
Result: WARN
Found the following significant warnings:
/usr/include/x86_64-linux-gnu/bits/string_fortified.h:59:33: warning: ‘void* __builtin_memset(void*, int, long unsigned int)’ forming offset [176, 183] is out of the bounds [0, 176] of object ‘b’ with type ‘arma::vec’ {aka ‘arma::Col<double>’} [-Warray-bounds]
See ‘/home/hornik/tmp/R.check/r-devel-gcc/Work/PKGS/ordinalClust.Rcheck/00install.out’ for details.
* used C++ compiler: ‘g++-12 (Debian 12.2.0-14) 12.2.0’
Flavor: r-devel-linux-x86_64-debian-gcc
Version: 1.3.5
Check: whether package can be installed
Result: WARN
Found the following significant warnings:
/usr/include/bits/string_fortified.h:59:33: warning: ‘void* __builtin_memset(void*, int, long unsigned int)’ forming offset [176, 183] is out of the bounds [0, 176] of object ‘b’ with type ‘arma::vec’ {aka ‘arma::Col<double>’} [-Warray-bounds]
See ‘/data/gannet/ripley/R/packages/tests-devel/ordinalClust.Rcheck/00install.out’ for details.
* used C++ compiler: ‘g++ (GCC) 12.2.1 20221121 (Red Hat 12.2.1-4)’
Flavor: r-devel-linux-x86_64-fedora-gcc
Version: 1.3.5
Check: installed package size
Result: NOTE
installed size is 8.2Mb
sub-directories of 1Mb or more:
libs 7.9Mb
Flavors: r-release-macos-arm64, r-release-macos-x86_64, r-oldrel-macos-arm64, r-oldrel-macos-x86_64