CRAN Package Check Results for Package optional

Last updated on 2020-07-15 00:47:00 CEST.

Flavor Version Tinstall Tcheck Ttotal Status Flags
r-devel-linux-x86_64-debian-clang 2.0 1.86 22.59 24.45 NOTE
r-devel-linux-x86_64-debian-gcc 2.0 1.65 18.73 20.38 NOTE
r-devel-linux-x86_64-fedora-clang 2.0 38.43 OK
r-devel-linux-x86_64-fedora-gcc 2.0 30.81 OK
r-devel-windows-ix86+x86_64 2.0 8.00 48.00 56.00 NOTE
r-patched-linux-x86_64 2.0 2.00 22.86 24.86 NOTE
r-patched-solaris-x86 2.0 46.40 OK
r-release-linux-x86_64 2.0 1.96 22.57 24.53 NOTE
r-release-macos-x86_64 2.0 ERROR
r-release-windows-ix86+x86_64 2.0 7.00 32.00 39.00 NOTE
r-oldrel-macos-x86_64 2.0 OK
r-oldrel-windows-ix86+x86_64 2.0 14.00 50.00 64.00 OK

Check Details

Version: 2.0
Check: package vignettes
Result: NOTE
    Package vignette with placeholder title 'Vignette Title':
     'UserGuide.Rmd'
Flavors: r-devel-linux-x86_64-debian-clang, r-devel-linux-x86_64-debian-gcc, r-devel-windows-ix86+x86_64, r-patched-linux-x86_64, r-release-linux-x86_64, r-release-windows-ix86+x86_64

Version: 2.0
Check: whether package can be installed
Result: ERROR
    Installation failed.
Flavor: r-release-macos-x86_64