CRAN Package Check Results for Package optimParallel

Last updated on 2019-04-22 16:54:15 CEST.

Flavor Version Tinstall Tcheck Ttotal Status Flags
r-devel-linux-x86_64-debian-clang 0.8 1.64 25.37 27.01 OK
r-devel-linux-x86_64-debian-gcc 0.8 1.50 20.54 22.04 OK
r-devel-linux-x86_64-fedora-clang 0.8 33.07 OK
r-devel-linux-x86_64-fedora-gcc 0.8 31.42 OK
r-devel-windows-ix86+x86_64 0.8 11.00 42.00 53.00 OK
r-patched-linux-x86_64 0.8 1.92 25.10 27.02 OK
r-patched-solaris-x86 0.8 58.80 OK
r-release-linux-x86_64 0.8 1.15 23.90 25.05 OK
r-release-windows-ix86+x86_64 0.8 6.00 55.00 61.00 OK
r-release-osx-x86_64 0.8 OK
r-oldrel-windows-ix86+x86_64 0.7-4 4.00 62.00 66.00 OK
r-oldrel-osx-x86_64 0.8 ERROR

Check Details

Version: 0.8
Check: whether package can be installed
Result: ERROR
    Installation failed.
Flavor: r-oldrel-osx-x86_64