Last updated on 2022-08-11 03:52:13 CEST.
Flavor | Version | Tinstall | Tcheck | Ttotal | Status | Flags |
---|---|---|---|---|---|---|
r-devel-linux-x86_64-debian-clang | 1.0.1 | 12.99 | 83.24 | 96.23 | NOTE | |
r-devel-linux-x86_64-debian-gcc | 1.0.1 | 7.84 | 65.05 | 72.89 | NOTE | |
r-devel-linux-x86_64-fedora-clang | 1.0.1 | 126.39 | NOTE | |||
r-devel-linux-x86_64-fedora-gcc | 1.0.1 | 125.85 | NOTE | |||
r-devel-windows-x86_64 | 1.0.1 | 23.00 | 104.00 | 127.00 | OK | |
r-patched-linux-x86_64 | 1.0.1 | 13.96 | 83.85 | 97.81 | NOTE | |
r-release-linux-x86_64 | 1.0.1 | NOTE | ||||
r-release-macos-arm64 | 1.0.1 | 40.00 | OK | |||
r-release-macos-x86_64 | 1.0.1 | 63.00 | OK | |||
r-release-windows-x86_64 | 1.0.1 | 21.00 | 112.00 | 133.00 | OK | |
r-oldrel-macos-arm64 | 1.0.1 | 57.00 | OK | |||
r-oldrel-macos-x86_64 | 1.0.1 | 85.00 | OK | |||
r-oldrel-windows-ix86+x86_64 | 1.0.1 | 23.00 | 105.00 | 128.00 | OK |
Version: 1.0.1
Check: for non-standard things in the check directory
Result: NOTE
Found the following files/directories:
'Graph_layout_Doptbd_trtE'
Flavors: r-devel-linux-x86_64-debian-clang, r-devel-linux-x86_64-debian-gcc, r-devel-linux-x86_64-fedora-clang, r-devel-linux-x86_64-fedora-gcc, r-patched-linux-x86_64, r-release-linux-x86_64