Last updated on 2023-03-30 14:54:02 CEST.
Flavor | Version | Tinstall | Tcheck | Ttotal | Status | Flags |
---|---|---|---|---|---|---|
r-devel-linux-x86_64-debian-clang | 0.5.1 | 79.70 | 259.31 | 339.01 | OK | |
r-devel-linux-x86_64-debian-gcc | 0.5.1 | 72.36 | 196.98 | 269.34 | OK | |
r-devel-linux-x86_64-fedora-clang | 0.5.1 | 478.36 | NOTE | |||
r-devel-linux-x86_64-fedora-gcc | 0.5.1 | 459.91 | OK | |||
r-devel-windows-x86_64 | 0.5.1 | 258.00 | 0.00 | 258.00 | NOTE | |
r-patched-linux-x86_64 | 0.5.1 | 78.26 | 254.61 | 332.87 | OK | |
r-release-linux-x86_64 | 0.5.1 | 68.96 | 241.37 | 310.33 | OK | |
r-release-macos-arm64 | 0.5.1 | 97.00 | NOTE | |||
r-release-macos-x86_64 | 0.5.1 | 144.00 | NOTE | |||
r-release-windows-x86_64 | 0.5.1 | 260.00 | 388.00 | 648.00 | NOTE | |
r-oldrel-macos-arm64 | 0.5.1 | 94.00 | NOTE | |||
r-oldrel-macos-x86_64 | 0.5.1 | 165.00 | NOTE | |||
r-oldrel-windows-ix86+x86_64 | 0.5.1 | 164.00 | 393.00 | 557.00 | NOTE |
Version: 0.5.1
Check: installed package size
Result: NOTE
installed size is 5.3Mb
sub-directories of 1Mb or more:
doc 1.4Mb
extdata 1.3Mb
Flavors: r-devel-linux-x86_64-fedora-clang, r-devel-windows-x86_64, r-release-macos-arm64, r-release-macos-x86_64, r-release-windows-x86_64, r-oldrel-macos-arm64, r-oldrel-macos-x86_64, r-oldrel-windows-ix86+x86_64