CRAN Package Check Results for Package opencastR

Last updated on 2020-02-28 00:48:01 CET.

Flavor Version Tinstall Tcheck Ttotal Status Flags
r-devel-linux-x86_64-debian-clang 0.1.2 2.88 31.37 34.25 OK
r-devel-linux-x86_64-debian-gcc 0.1.2 2.28 24.58 26.86 ERROR
r-devel-linux-x86_64-fedora-clang 0.1.2 42.79 OK
r-devel-linux-x86_64-fedora-gcc 0.1.2 42.45 OK
r-devel-windows-ix86+x86_64 0.1.2 6.00 46.00 52.00 ERROR
r-devel-windows-ix86+x86_64-gcc8 0.1.2 8.00 49.00 57.00 ERROR
r-patched-linux-x86_64 0.1.2 2.53 29.12 31.65 OK
r-patched-solaris-x86 0.1.2 60.00 OK
r-release-linux-x86_64 0.1.2 2.47 28.28 30.75 ERROR
r-release-windows-ix86+x86_64 0.1.2 6.00 45.00 51.00 ERROR
r-release-osx-x86_64 0.1.2 OK
r-oldrel-windows-ix86+x86_64 0.1.2 4.00 63.00 67.00 OK
r-oldrel-osx-x86_64 0.1.2 OK

Check Details

Version: 0.1.2
Check: examples
Result: ERROR
    Running examples in ‘opencastR-Ex.R’ failed
    The error most likely occurred in:
    
    > base::assign(".ptime", proc.time(), pos = "CheckExEnv")
    > ### Name: oc_group
    > ### Title: Query Opencast for a specific group
    > ### Aliases: oc_group
    >
    > ### ** Examples
    >
    > Sys.setenv(OPENCAST_HOST = "https://legacy.opencast.org")
    > Sys.setenv(OPENCAST_USERNAME = "admin")
    > Sys.setenv(OPENCAST_PASSWORD = "opencast")
    >
    > oc_group("MH_DEFAULT_ORG_EXTERNAL_APPLICATIONS")
    Error: lexical error: invalid char in json text.
     Cannot find a group with id 'MH
     (right here) ------^
    Execution halted
Flavors: r-devel-linux-x86_64-debian-gcc, r-release-linux-x86_64

Version: 0.1.2
Check: examples
Result: ERROR
    Running examples in 'opencastR-Ex.R' failed
    The error most likely occurred in:
    
    > ### Name: oc_group
    > ### Title: Query Opencast for a specific group
    > ### Aliases: oc_group
    >
    > ### ** Examples
    >
    > Sys.setenv(OPENCAST_HOST = "https://legacy.opencast.org")
    > Sys.setenv(OPENCAST_USERNAME = "admin")
    > Sys.setenv(OPENCAST_PASSWORD = "opencast")
    >
    > oc_group("MH_DEFAULT_ORG_EXTERNAL_APPLICATIONS")
    Error: lexical error: invalid char in json text.
     Cannot find a group with id 'MH
     (right here) ------^
    Execution halted
Flavor: r-devel-windows-ix86+x86_64

Version: 0.1.2
Check: examples
Result: ERROR
    Running examples in 'opencastR-Ex.R' failed
    The error most likely occurred in:
    
    > ### Name: oc_event_publication
    > ### Title: Query Opencast for a specific events single publication
    > ### Aliases: oc_event_publication
    >
    > ### ** Examples
    >
    > Sys.setenv(OPENCAST_HOST = "https://legacy.opencast.org")
    > Sys.setenv(OPENCAST_USERNAME = "admin")
    > Sys.setenv(OPENCAST_PASSWORD = "opencast")
    >
    > events <- oc_list_events()
    > publications <- oc_event_list_publications(events$content$identifier[1])
    >
    > oc_event_publication(events$content$identifier[1],
    + publications$content$id[1])
    Error in if (publicationId == "") { : argument is of length zero
    Calls: oc_event_publication
    Execution halted
Flavor: r-devel-windows-ix86+x86_64-gcc8

Version: 0.1.2
Check: examples
Result: ERROR
    Running examples in 'opencastR-Ex.R' failed
    The error most likely occurred in:
    
    > ### Name: oc_event
    > ### Title: Query Opencast for a specific event
    > ### Aliases: oc_event
    >
    > ### ** Examples
    >
    > Sys.setenv(OPENCAST_HOST = "https://legacy.opencast.org")
    > Sys.setenv(OPENCAST_USERNAME = "admin")
    > Sys.setenv(OPENCAST_PASSWORD = "opencast")
    >
    > events <- oc_list_events()
    >
    > oc_event(events$content$identifier[1])
    Error in if (eventId == "") { : argument is of length zero
    Calls: oc_event
    Execution halted
Flavor: r-release-windows-ix86+x86_64