CRAN Package Check Results for Package opencastR

Last updated on 2020-10-21 15:47:56 CEST.

Flavor Version Tinstall Tcheck Ttotal Status Flags
r-devel-linux-x86_64-debian-clang 0.1.3 3.17 33.24 36.41 OK
r-devel-linux-x86_64-debian-gcc 0.1.3 2.30 26.07 28.37 OK
r-devel-linux-x86_64-fedora-clang 0.1.3 51.75 OK
r-devel-linux-x86_64-fedora-gcc 0.1.3 43.12 OK
r-devel-windows-ix86+x86_64 0.1.3 7.00 61.00 68.00 OK
r-patched-linux-x86_64 0.1.3 2.99 31.53 34.52 OK
r-patched-solaris-x86 0.1.3 62.00 OK
r-release-linux-x86_64 0.1.3 2.59 30.62 33.21 ERROR
r-release-macos-x86_64 0.1.3 OK
r-release-windows-ix86+x86_64 0.1.3 5.00 48.00 53.00 OK
r-oldrel-macos-x86_64 0.1.3 OK
r-oldrel-windows-ix86+x86_64 0.1.3 5.00 50.00 55.00 OK

Check Details

Version: 0.1.3
Check: examples
Result: ERROR
    Running examples in ‘opencastR-Ex.R’ failed
    The error most likely occurred in:
    
    > base::assign(".ptime", proc.time(), pos = "CheckExEnv")
    > ### Name: oc_event_publication
    > ### Title: Query Opencast for a specific events single publication
    > ### Aliases: oc_event_publication
    >
    > ### ** Examples
    >
    > Sys.setenv(OPENCAST_HOST = "https://legacy.opencast.org")
    > Sys.setenv(OPENCAST_USERNAME = "admin")
    > Sys.setenv(OPENCAST_PASSWORD = "opencast")
    >
    > events <- oc_list_events()
    > publications <- oc_event_list_publications(events$content$identifier[1])
    >
    > oc_event_publication(events$content$identifier[1],
    + publications$content$id[1])
    Error in if (publicationId == "") { : argument is of length zero
    Calls: oc_event_publication
    Execution halted
Flavor: r-release-linux-x86_64