CRAN Package Check Results for Package openVA

Last updated on 2020-01-19 21:48:50 CET.

Flavor Version Tinstall Tcheck Ttotal Status Flags
r-devel-linux-x86_64-debian-clang 1.0.8 7.60 62.53 70.13 NOTE
r-devel-linux-x86_64-debian-gcc 1.0.8 6.28 48.70 54.98 NOTE
r-devel-linux-x86_64-fedora-clang 1.0.8 85.77 NOTE
r-devel-linux-x86_64-fedora-gcc 1.0.8 85.49 NOTE
r-devel-windows-ix86+x86_64 1.0.8 39.00 77.00 116.00 OK
r-devel-windows-ix86+x86_64-gcc8 1.0.8 19.00 115.00 134.00 OK
r-patched-linux-x86_64 1.0.8 6.38 55.14 61.52 OK
r-patched-solaris-x86 1.0.8 110.80 OK
r-release-linux-x86_64 1.0.8 5.91 55.63 61.54 OK
r-release-windows-ix86+x86_64 1.0.8 24.00 113.00 137.00 OK
r-release-osx-x86_64 1.0.8 OK
r-oldrel-windows-ix86+x86_64 1.0.8 10.00 67.00 77.00 OK
r-oldrel-osx-x86_64 1.0.8 OK

Check Details

Version: 1.0.8
Check: for non-standard things in the check directory
Result: NOTE
    Found the following files/directories:
     'VA_result.csv' 'errorlog.txt' 'warnings.txt'
Flavors: r-devel-linux-x86_64-debian-clang, r-devel-linux-x86_64-debian-gcc, r-devel-linux-x86_64-fedora-clang, r-devel-linux-x86_64-fedora-gcc