CRAN Package Check Results for Package openMSE

Last updated on 2024-02-26 23:53:14 CET.

Flavor Version Tinstall Tcheck Ttotal Status Flags
r-devel-linux-x86_64-debian-clang 1.0.0 13.15 106.47 119.62 NOTE
r-devel-linux-x86_64-debian-gcc 1.0.0 10.32 79.95 90.27 NOTE
r-devel-linux-x86_64-fedora-clang 1.0.0 147.44 NOTE
r-devel-linux-x86_64-fedora-gcc 1.0.0 142.69 NOTE
r-devel-windows-x86_64 1.0.0 12.00 90.00 102.00 NOTE
r-patched-linux-x86_64 1.0.0 9.80 101.68 111.48 NOTE
r-release-linux-x86_64 1.0.0 8.24 101.27 109.51 NOTE
r-release-macos-arm64 1.0.0 49.00 NOTE
r-release-macos-x86_64 1.0.0 75.00 NOTE
r-release-windows-x86_64 1.0.0 15.00 107.00 122.00 NOTE
r-oldrel-macos-arm64 1.0.0 37.00 NOTE
r-oldrel-windows-x86_64 1.0.0 16.00 115.00 131.00 NOTE

Check Details

Version: 1.0.0
Check: LazyData
Result: NOTE 'LazyData' is specified without a 'data' directory Flavors: r-devel-linux-x86_64-debian-clang, r-devel-linux-x86_64-debian-gcc, r-devel-linux-x86_64-fedora-clang, r-devel-linux-x86_64-fedora-gcc, r-devel-windows-x86_64, r-patched-linux-x86_64, r-release-linux-x86_64, r-release-macos-arm64, r-release-macos-x86_64, r-release-windows-x86_64, r-oldrel-macos-arm64, r-oldrel-windows-x86_64