CRAN Package Check Results for Package ontoFAST

Last updated on 2021-08-05 10:52:02 CEST.

Flavor Version Tinstall Tcheck Ttotal Status Flags
r-devel-linux-x86_64-debian-clang 1.0.0 7.96 68.66 76.62 OK
r-devel-linux-x86_64-debian-gcc 1.0.0 6.47 51.41 57.88 OK
r-devel-linux-x86_64-fedora-clang 1.0.0 97.51 NOTE
r-devel-linux-x86_64-fedora-gcc 1.0.0 88.36 NOTE
r-devel-windows-x86_64 1.0.0 13.00 95.00 108.00 OK
r-devel-windows-x86_64-gcc10-UCRT 1.0.0 ERROR
r-patched-linux-x86_64 1.0.0 8.01 64.97 72.98 OK
r-patched-solaris-x86 1.0.0 137.60 NOTE
r-release-linux-x86_64 1.0.0 8.19 64.27 72.46 OK
r-release-macos-arm64 1.0.0 NOTE
r-release-macos-x86_64 1.0.0 NOTE
r-release-windows-ix86+x86_64 1.0.0 18.00 85.00 103.00 OK
r-oldrel-macos-x86_64 1.0.0 NOTE
r-oldrel-windows-ix86+x86_64 1.0.0 20.00 88.00 108.00 OK

Check Details

Version: 1.0.0
Check: data for non-ASCII characters
Result: NOTE
     Note: found 34 marked UTF-8 strings
Flavors: r-devel-linux-x86_64-fedora-clang, r-devel-linux-x86_64-fedora-gcc, r-patched-solaris-x86, r-release-macos-arm64, r-release-macos-x86_64, r-oldrel-macos-x86_64

Version: 1.0.0
Check: package dependencies
Result: ERROR
    Packages required but not available: 'dplyr', 'sunburstR', 'usethis'
    
    See section 'The DESCRIPTION file' in the 'Writing R Extensions'
    manual.
Flavor: r-devel-windows-x86_64-gcc10-UCRT