CRAN Package Check Results for Package onlinePCA

Last updated on 2021-12-03 05:52:06 CET.

Flavor Version Tinstall Tcheck Ttotal Status Flags
r-devel-linux-x86_64-debian-clang 1.3.1 52.57 69.20 121.77 OK
r-devel-linux-x86_64-debian-gcc 1.3.1 35.99 53.64 89.63 OK
r-devel-linux-x86_64-fedora-clang 1.3.1 173.60 NOTE
r-devel-linux-x86_64-fedora-gcc 1.3.1 153.52 NOTE
r-devel-windows-x86_64-new-UL 1.3.1 70.00 126.00 196.00 OK
r-devel-windows-x86_64-new-TK 1.3.1 OK
r-devel-windows-x86_64-old 1.3.1 69.00 77.00 146.00 OK
r-patched-linux-x86_64 1.3.1 43.50 68.91 112.41 OK
r-patched-solaris-x86 1.3.1 177.30 OK
r-release-linux-x86_64 1.3.1 44.06 67.44 111.50 OK
r-release-macos-arm64 1.3.1 OK
r-release-macos-x86_64 1.3.1 OK
r-release-windows-ix86+x86_64 1.3.1 129.00 138.00 267.00 OK
r-oldrel-macos-x86_64 1.3.1 OK
r-oldrel-windows-ix86+x86_64 1.3.1 133.00 139.00 272.00 OK

Check Details

Version: 1.3.1
Check: compiled code
Result: NOTE
    File ‘onlinePCA/libs/onlinePCA.so’:
     Found no calls to: ‘R_registerRoutines’, ‘R_useDynamicSymbols’
    
    It is good practice to register native routines and to disable symbol
    search.
    
    See ‘Writing portable packages’ in the ‘Writing R Extensions’ manual.
Flavors: r-devel-linux-x86_64-fedora-clang, r-devel-linux-x86_64-fedora-gcc