CRAN Package Check Results for Package onemap

Last updated on 2019-09-15 08:47:23 CEST.

Flavor Version Tinstall Tcheck Ttotal Status Flags
r-devel-linux-x86_64-debian-clang 2.1.1 86.95 99.42 186.37 NOTE --no-vignettes
r-devel-linux-x86_64-debian-gcc 2.1.1 70.02 77.46 147.48 NOTE --no-vignettes
r-devel-linux-x86_64-fedora-clang 2.1.1 634.31 WARN
r-devel-linux-x86_64-fedora-gcc 2.1.1 2104.16 NOTE
r-devel-windows-ix86+x86_64 2.1.1 225.00 617.00 842.00 OK
r-patched-linux-x86_64 2.1.1 79.76 100.01 179.77 OK --no-vignettes
r-patched-solaris-x86 2.1.1 308.70 NOTE --no-vignettes
r-release-linux-x86_64 2.1.1 77.46 98.75 176.21 OK --no-vignettes
r-release-windows-ix86+x86_64 2.1.1 142.00 681.00 823.00 OK
r-release-osx-x86_64 2.1.1 FAIL
r-oldrel-windows-ix86+x86_64 2.1.1 202.00 608.00 810.00 OK
r-oldrel-osx-x86_64 2.1.1 FAIL

Additional issues

clang-UBSAN

Check Details

Version: 2.1.1
Flags: --no-vignettes
Check: for non-standard things in the check directory
Result: NOTE
    Found the following files/directories:
     'SegregationTests.jpg'
Flavors: r-devel-linux-x86_64-debian-clang, r-devel-linux-x86_64-debian-gcc

Version: 2.1.1
Check: dependencies in R code
Result: NOTE
    Namespace in Imports field not imported from: ‘maps’
     All declared Imports should be used.
Flavors: r-devel-linux-x86_64-fedora-clang, r-devel-linux-x86_64-fedora-gcc, r-oldrel-osx-x86_64

Version: 2.1.1
Check: re-building of vignette outputs
Result: WARN
    Error(s) in re-building vignettes:
    --- re-building ‘Inbred_Based_Populations.Rmd’ using rmarkdown
    --- finished re-building ‘Inbred_Based_Populations.Rmd’
    
    --- re-building ‘Introduction_R.Rmd’ using rmarkdown
    --- finished re-building ‘Introduction_R.Rmd’
    
    Warning: elapsed-time limit of 30 minutes reached for sub-process
    --- re-building ‘Outcrossing_Populations.Rmd’ using rmarkdown
    
    --- re-building ‘Overview.Rmd’ using rmarkdown
    --- finished re-building ‘Overview.Rmd’
    
    SUMMARY: processing the following file failed:
     ‘Outcrossing_Populations.Rmd’
    
    Error: Vignette re-building failed.
    Execution halted
Flavor: r-devel-linux-x86_64-fedora-clang

Version: 2.1.1
Check: for non-standard things in the check directory
Result: NOTE
    Found the following files/directories:
     ‘SegregationTests.jpg’
Flavors: r-devel-linux-x86_64-fedora-clang, r-devel-linux-x86_64-fedora-gcc

Version: 2.1.1
Flags: --no-vignettes
Check: dependencies in R code
Result: NOTE
    Namespace in Imports field not imported from: ‘maps’
     All declared Imports should be used.
Flavor: r-patched-solaris-x86

Version: 2.1.1
Check: whether package can be installed
Result: FAIL
    
Flavor: r-release-osx-x86_64

Version: 2.1.1
Check: re-building of vignette outputs
Result: FAIL
    
Flavor: r-oldrel-osx-x86_64