CRAN Package Check Results for Package olsrr

Last updated on 2018-10-23 03:49:19 CEST.

Flavor Version Tinstall Tcheck Ttotal Status Flags
r-devel-linux-x86_64-debian-clang 0.5.1 29.19 279.29 308.48 OK
r-devel-linux-x86_64-debian-gcc 0.5.1 25.34 217.69 243.03 OK
r-devel-linux-x86_64-fedora-clang 0.5.1 383.97 OK
r-devel-linux-x86_64-fedora-gcc 0.5.1 360.80 OK
r-devel-windows-ix86+x86_64 0.5.1 84.00 491.00 575.00 OK
r-patched-linux-x86_64 0.5.1 26.68 251.01 277.69 OK
r-patched-solaris-x86 0.5.1 452.10 OK
r-release-linux-x86_64 0.5.1 28.30 257.21 285.51 NOTE
r-release-windows-ix86+x86_64 0.5.1 73.00 492.00 565.00 OK
r-release-osx-x86_64 0.5.1 OK
r-oldrel-windows-ix86+x86_64 0.5.1 51.00 421.00 472.00 OK
r-oldrel-osx-x86_64 0.5.1 OK

Additional issues

MKL

Check Details

Version: 0.5.1
Check: package dependencies
Result: NOTE
    Package suggested but not available for checking: ‘vdiffr’
Flavor: r-release-linux-x86_64