CRAN Package Check Results for Package odds.n.ends

Last updated on 2022-08-19 21:51:02 CEST.

Flavor Version Tinstall Tcheck Ttotal Status Flags
r-devel-linux-x86_64-debian-clang 0.1.4 1.78 23.70 25.48 OK
r-devel-linux-x86_64-debian-gcc 0.1.4 1.50 18.85 20.35 OK
r-devel-linux-x86_64-fedora-clang 0.1.4 42.15 NOTE
r-devel-linux-x86_64-fedora-gcc 0.1.4 41.22 NOTE
r-devel-windows-x86_64 0.1.4 15.00 51.00 66.00 OK
r-patched-linux-x86_64 0.1.4 1.42 23.36 24.78 OK
r-release-linux-x86_64 0.1.4 OK
r-release-macos-arm64 0.1.4 16.00 NOTE
r-release-macos-x86_64 0.1.4 24.00 NOTE
r-release-windows-x86_64 0.1.4 10.00 52.00 62.00 OK
r-oldrel-macos-arm64 0.1.4 18.00 NOTE
r-oldrel-macos-x86_64 0.1.4 22.00 NOTE
r-oldrel-windows-ix86+x86_64 0.1.4 6.00 47.00 53.00 OK

Check Details

Version: 0.1.4
Check: dependencies in R code
Result: NOTE
    Namespace in Imports field not imported from: ‘MASS’
     All declared Imports should be used.
Flavors: r-devel-linux-x86_64-fedora-clang, r-devel-linux-x86_64-fedora-gcc, r-release-macos-arm64, r-release-macos-x86_64, r-oldrel-macos-arm64, r-oldrel-macos-x86_64