CRAN Package Check Results for Package odbc

Last updated on 2019-04-22 18:47:16 CEST.

Flavor Version Tinstall Tcheck Ttotal Status Flags
r-devel-linux-x86_64-debian-clang 1.1.6 66.33 42.42 108.75 OK
r-devel-linux-x86_64-debian-gcc 1.1.6 52.99 34.10 87.09 WARN
r-devel-linux-x86_64-fedora-clang 1.1.6 162.24 NOTE
r-devel-linux-x86_64-fedora-gcc 1.1.6 138.97 WARN
r-devel-windows-ix86+x86_64 1.1.6 202.00 76.00 278.00 OK
r-patched-linux-x86_64 1.1.6 66.86 42.37 109.23 WARN
r-patched-solaris-x86 1.1.6 143.20 OK
r-release-linux-x86_64 1.1.6 58.90 40.79 99.69 OK
r-release-windows-ix86+x86_64 1.1.6 156.00 109.00 265.00 OK
r-release-osx-x86_64 1.1.6 NOTE
r-oldrel-windows-ix86+x86_64 1.1.6 145.00 98.00 243.00 OK
r-oldrel-osx-x86_64 1.1.6 NOTE

Check Details

Version: 1.1.6
Check: whether package can be installed
Result: WARN
    Found the following significant warnings:
     connection.cpp:67:36: warning: catching polymorphic type ‘class nanodbc::database_error’ by value [-Wcatch-value=]
     odbc_connection.cpp:37:36: warning: catching polymorphic type ‘class nanodbc::database_error’ by value [-Wcatch-value=]
     odbc_connection.cpp:75:36: warning: catching polymorphic type ‘class nanodbc::database_error’ by value [-Wcatch-value=]
Flavors: r-devel-linux-x86_64-debian-gcc, r-devel-linux-x86_64-fedora-gcc, r-patched-linux-x86_64

Version: 1.1.6
Check: installed package size
Result: NOTE
     installed size is 5.8Mb
     sub-directories of 1Mb or more:
     libs 5.5Mb
Flavors: r-devel-linux-x86_64-fedora-clang, r-release-osx-x86_64, r-oldrel-osx-x86_64