Last updated on 2025-01-18 11:48:42 CET.
Flavor | Version | Tinstall | Tcheck | Ttotal | Status | Flags |
---|---|---|---|---|---|---|
r-devel-linux-x86_64-debian-clang | 1.8-3 | 206.47 | 589.78 | 796.25 | OK | |
r-devel-linux-x86_64-debian-gcc | 1.8-3 | 134.39 | 374.87 | 509.26 | OK | |
r-devel-linux-x86_64-fedora-clang | 1.8-3 | 1347.29 | OK | |||
r-devel-linux-x86_64-fedora-gcc | 1.8-3 | 1308.69 | OK | |||
r-devel-windows-x86_64 | 1.8-3 | 212.00 | 780.00 | 992.00 | OK | |
r-patched-linux-x86_64 | 1.8-3 | 221.33 | 562.46 | 783.79 | OK | |
r-release-linux-x86_64 | 1.8-3 | 196.79 | 553.61 | 750.40 | OK | |
r-release-macos-arm64 | 1.8-3 | 327.00 | NOTE | |||
r-release-macos-x86_64 | 1.8-3 | 878.00 | NOTE | |||
r-release-windows-x86_64 | 1.8-3 | 213.00 | 761.00 | 974.00 | NOTE | |
r-oldrel-macos-arm64 | 1.8-3 | 424.00 | NOTE | |||
r-oldrel-macos-x86_64 | 1.8-3 | 629.00 | NOTE | |||
r-oldrel-windows-x86_64 | 1.8-3 | 243.00 | 902.00 | 1145.00 | NOTE |
Version: 1.8-3
Check: installed package size
Result: NOTE
installed size is 16.1Mb
sub-directories of 1Mb or more:
R 3.1Mb
data 1.0Mb
doc 1.7Mb
help 3.8Mb
libs 5.9Mb
Flavors: r-release-macos-arm64, r-release-macos-x86_64, r-release-windows-x86_64, r-oldrel-macos-arm64, r-oldrel-macos-x86_64, r-oldrel-windows-x86_64