Last updated on 2023-03-30 14:54:02 CEST.
Flavor | Version | Tinstall | Tcheck | Ttotal | Status | Flags |
---|---|---|---|---|---|---|
r-devel-linux-x86_64-debian-clang | 0.1.1 | 46.38 | 422.20 | 468.58 | NOTE | |
r-devel-linux-x86_64-debian-gcc | 0.1.1 | 41.67 | 312.10 | 353.77 | NOTE | |
r-devel-linux-x86_64-fedora-clang | 0.1.1 | 569.05 | NOTE | |||
r-devel-linux-x86_64-fedora-gcc | 0.1.1 | 626.22 | NOTE | |||
r-devel-windows-x86_64 | 0.1.1 | 74.00 | 0.00 | 74.00 | NOTE | |
r-patched-linux-x86_64 | 0.1.1 | 46.34 | 399.87 | 446.21 | NOTE | |
r-release-linux-x86_64 | 0.1.1 | 31.21 | 383.90 | 415.11 | NOTE | |
r-release-macos-arm64 | 0.1.1 | 135.00 | NOTE | |||
r-release-macos-x86_64 | 0.1.1 | 169.00 | NOTE | |||
r-release-windows-x86_64 | 0.1.1 | 57.00 | 348.00 | 405.00 | NOTE | |
r-oldrel-macos-arm64 | 0.1.1 | 117.00 | NOTE | |||
r-oldrel-macos-x86_64 | 0.1.1 | 162.00 | NOTE | |||
r-oldrel-windows-ix86+x86_64 | 0.1.1 | 101.00 | 380.00 | 481.00 | NOTE |
Version: 0.1.1
Check: package dependencies
Result: NOTE
Packages suggested but not available for checking:
'originr', 'parallelsugar'
Flavors: r-devel-linux-x86_64-debian-clang, r-devel-linux-x86_64-debian-gcc, r-devel-linux-x86_64-fedora-gcc, r-devel-windows-x86_64, r-patched-linux-x86_64, r-release-linux-x86_64, r-release-macos-arm64, r-release-macos-x86_64, r-release-windows-x86_64, r-oldrel-macos-arm64, r-oldrel-macos-x86_64
Version: 0.1.1
Check: package dependencies
Result: NOTE
Packages suggested but not available for checking:
'originr', 'parallelsugar'
Imports includes 26 non-default packages.
Importing from so many packages makes the package vulnerable to any of
them becoming unavailable. Move as many as possible to Suggests and
use conditionally.
Flavor: r-devel-linux-x86_64-fedora-clang
Version: 0.1.1
Check: dependencies in R code
Result: NOTE
Namespaces in Imports field not imported from:
‘rnaturalearthdata’ ‘spocc’ ‘tidyverse’
All declared Imports should be used.
Flavors: r-devel-linux-x86_64-fedora-clang, r-devel-linux-x86_64-fedora-gcc, r-release-macos-arm64, r-release-macos-x86_64, r-oldrel-macos-arm64, r-oldrel-macos-x86_64
Version: 0.1.1
Check: package dependencies
Result: NOTE
Package suggested but not available for checking: 'parallelsugar'
Flavor: r-oldrel-windows-ix86+x86_64
Version: 0.1.1
Check: dependencies in R code
Result: NOTE
Initiating curl with CURL_SSL_BACKEND: openssl
Flavor: r-oldrel-windows-ix86+x86_64