CRAN Package Check Results for Package obliqueRSF

Last updated on 2019-04-25 16:51:54 CEST.

Flavor Version Tinstall Tcheck Ttotal Status Flags
r-devel-linux-x86_64-debian-clang 0.1.1 41.27 77.38 118.65 OK
r-devel-linux-x86_64-debian-gcc 0.1.1 37.05 61.03 98.08 OK
r-devel-linux-x86_64-fedora-clang 0.1.1 164.27 OK
r-devel-linux-x86_64-fedora-gcc 0.1.1 161.10 OK
r-devel-windows-ix86+x86_64 0.1.1 100.00 174.00 274.00 OK
r-patched-linux-x86_64 0.1.1 42.04 75.81 117.85 OK
r-patched-solaris-x86 0.1.1 208.50 OK
r-release-linux-x86_64 0.1.1 41.67 74.03 115.70 OK
r-release-windows-ix86+x86_64 0.1.1 57.00 184.00 241.00 OK
r-release-osx-x86_64 0.1.1 OK
r-oldrel-osx-x86_64 0.1.1 ERROR

Check Details

Version: 0.1.1
Check: whether package can be installed
Result: ERROR
    Installation failed.
Flavor: r-oldrel-osx-x86_64