CRAN Package Check Results for Package obliqueRSF

Last updated on 2019-02-23 18:52:49 CET.

Flavor Version Tinstall Tcheck Ttotal Status Flags
r-devel-linux-x86_64-debian-clang 0.1.0 38.04 80.38 118.42 OK
r-devel-linux-x86_64-debian-gcc 0.1.0 36.24 61.97 98.21 OK
r-devel-linux-x86_64-fedora-clang 0.1.0 168.22 OK
r-devel-linux-x86_64-fedora-gcc 0.1.0 153.79 OK
r-devel-windows-ix86+x86_64 0.1.0 93.00 175.00 268.00 OK
r-patched-linux-x86_64 0.1.0 39.02 75.43 114.45 OK
r-patched-solaris-x86 0.1.0 204.20 OK
r-release-linux-x86_64 0.1.0 41.72 75.92 117.64 OK
r-release-windows-ix86+x86_64 0.1.0 86.00 136.00 222.00 OK
r-release-osx-x86_64 0.1.0 OK
r-oldrel-osx-x86_64 0.1.0 ERROR

Check Details

Version: 0.1.0
Check: whether package can be installed
Result: ERROR
    Installation failed.
Flavor: r-oldrel-osx-x86_64