CRAN Package Check Results for Package obfuscatoR

Last updated on 2023-04-01 22:53:49 CEST.

Flavor Version Tinstall Tcheck Ttotal Status Flags
r-devel-linux-x86_64-debian-clang 0.2.1 2.40 33.74 36.14 NOTE
r-devel-linux-x86_64-debian-gcc 0.2.1 2.41 26.18 28.59 NOTE
r-devel-linux-x86_64-fedora-clang 0.2.1 45.31 NOTE
r-devel-linux-x86_64-fedora-gcc 0.2.1 54.23 NOTE
r-devel-windows-x86_64 0.2.1 9.00 64.00 73.00 NOTE
r-patched-linux-x86_64 0.2.1 2.06 32.24 34.30 NOTE
r-release-linux-x86_64 0.2.1 2.85 34.79 37.64 NOTE
r-release-macos-arm64 0.2.1 22.00 NOTE
r-release-macos-x86_64 0.2.1 36.00 NOTE
r-release-windows-x86_64 0.2.1 28.00 64.00 92.00 NOTE
r-oldrel-macos-arm64 0.2.1 27.00 NOTE
r-oldrel-macos-x86_64 0.2.1 35.00 NOTE
r-oldrel-windows-ix86+x86_64 0.2.1 12.00 66.00 78.00 NOTE

Check Details

Version: 0.2.1
Check: LazyData
Result: NOTE
     'LazyData' is specified without a 'data' directory
Flavors: r-devel-linux-x86_64-debian-clang, r-devel-linux-x86_64-debian-gcc, r-devel-linux-x86_64-fedora-clang, r-devel-linux-x86_64-fedora-gcc, r-devel-windows-x86_64, r-patched-linux-x86_64, r-release-linux-x86_64, r-release-macos-arm64, r-release-macos-x86_64, r-release-windows-x86_64, r-oldrel-macos-arm64, r-oldrel-macos-x86_64, r-oldrel-windows-ix86+x86_64