Last updated on 2022-06-29 00:51:21 CEST.
Flavor | Version | Tinstall | Tcheck | Ttotal | Status | Flags |
---|---|---|---|---|---|---|
r-devel-linux-x86_64-debian-clang | 0.2.1 | 2.73 | 33.76 | 36.49 | NOTE | |
r-devel-linux-x86_64-debian-gcc | 0.2.1 | 1.67 | 26.48 | 28.15 | NOTE | |
r-devel-linux-x86_64-fedora-clang | 0.2.1 | 53.33 | NOTE | |||
r-devel-linux-x86_64-fedora-gcc | 0.2.1 | 52.68 | NOTE | |||
r-devel-windows-x86_64 | 0.2.1 | 31.00 | 66.00 | 97.00 | NOTE | |
r-patched-linux-x86_64 | 0.2.1 | 2.68 | 32.83 | 35.51 | NOTE | |
r-release-linux-x86_64 | 0.2.1 | 2.15 | 32.72 | 34.87 | NOTE | |
r-release-macos-arm64 | 0.2.1 | 22.00 | NOTE | |||
r-release-macos-x86_64 | 0.2.1 | 36.00 | NOTE | |||
r-release-windows-x86_64 | 0.2.1 | 33.00 | 65.00 | 98.00 | NOTE | |
r-oldrel-macos-arm64 | 0.2.1 | 27.00 | NOTE | |||
r-oldrel-macos-x86_64 | 0.2.1 | 35.00 | NOTE | |||
r-oldrel-windows-ix86+x86_64 | 0.2.1 | 10.00 | 52.00 | 62.00 | NOTE |
Version: 0.2.1
Check: LazyData
Result: NOTE
'LazyData' is specified without a 'data' directory
Flavors: r-devel-linux-x86_64-debian-clang, r-devel-linux-x86_64-debian-gcc, r-devel-linux-x86_64-fedora-clang, r-devel-linux-x86_64-fedora-gcc, r-devel-windows-x86_64, r-patched-linux-x86_64, r-release-linux-x86_64, r-release-macos-arm64, r-release-macos-x86_64, r-release-windows-x86_64, r-oldrel-macos-arm64, r-oldrel-macos-x86_64, r-oldrel-windows-ix86+x86_64