CRAN Package Check Results for Package obfuscatoR

Last updated on 2022-09-29 18:49:00 CEST.

Flavor Version Tinstall Tcheck Ttotal Status Flags
r-devel-linux-x86_64-debian-clang 0.2.1 3.23 34.55 37.78 NOTE
r-devel-linux-x86_64-debian-gcc 0.2.1 2.09 27.17 29.26 NOTE
r-devel-linux-x86_64-fedora-clang 0.2.1 57.39 NOTE
r-devel-linux-x86_64-fedora-gcc 0.2.1 53.95 NOTE
r-devel-windows-x86_64 0.2.1 20.00 66.00 86.00 NOTE
r-patched-linux-x86_64 0.2.1 2.60 32.59 35.19 NOTE
r-release-linux-x86_64 0.2.1 3.08 33.29 36.37 NOTE
r-release-macos-arm64 0.2.1 22.00 NOTE
r-release-macos-x86_64 0.2.1 36.00 NOTE
r-release-windows-x86_64 0.2.1 23.00 61.00 84.00 NOTE
r-oldrel-macos-arm64 0.2.1 27.00 NOTE
r-oldrel-macos-x86_64 0.2.1 35.00 NOTE
r-oldrel-windows-ix86+x86_64 0.2.1 8.00 62.00 70.00 NOTE

Check Details

Version: 0.2.1
Check: LazyData
Result: NOTE
     'LazyData' is specified without a 'data' directory
Flavors: r-devel-linux-x86_64-debian-clang, r-devel-linux-x86_64-debian-gcc, r-devel-linux-x86_64-fedora-clang, r-devel-linux-x86_64-fedora-gcc, r-devel-windows-x86_64, r-patched-linux-x86_64, r-release-linux-x86_64, r-release-macos-arm64, r-release-macos-x86_64, r-release-windows-x86_64, r-oldrel-macos-arm64, r-oldrel-macos-x86_64, r-oldrel-windows-ix86+x86_64