CRAN Package Check Results for Package nzelect

Last updated on 2019-04-22 21:47:32 CEST.

Flavor Version Tinstall Tcheck Ttotal Status Flags
r-devel-linux-x86_64-debian-clang 0.4.0 10.49 52.90 63.39 OK
r-devel-linux-x86_64-debian-gcc 0.4.0 10.07 42.58 52.65 OK
r-devel-linux-x86_64-fedora-clang 0.4.0 79.13 NOTE
r-devel-linux-x86_64-fedora-gcc 0.4.0 76.32 NOTE
r-devel-windows-ix86+x86_64 0.4.0 22.00 64.00 86.00 OK
r-patched-linux-x86_64 0.4.0 11.06 52.09 63.15 OK
r-patched-solaris-x86 0.4.0 131.90 NOTE
r-release-linux-x86_64 0.4.0 9.80 51.46 61.26 OK
r-release-windows-ix86+x86_64 0.4.0 14.00 91.00 105.00 OK
r-release-osx-x86_64 0.4.0 NOTE
r-oldrel-windows-ix86+x86_64 0.4.0 14.00 102.00 116.00 OK
r-oldrel-osx-x86_64 0.4.0 NOTE

Check Details

Version: 0.4.0
Check: data for non-ASCII characters
Result: NOTE
     Note: found 6409 marked UTF-8 strings
Flavors: r-devel-linux-x86_64-fedora-clang, r-devel-linux-x86_64-fedora-gcc, r-patched-solaris-x86, r-release-osx-x86_64, r-oldrel-osx-x86_64