Last updated on 2023-12-10 22:56:05 CET.
Flavor | Version | Tinstall | Tcheck | Ttotal | Status | Flags |
---|---|---|---|---|---|---|
r-devel-linux-x86_64-debian-clang | 0.1-0 | 19.87 | 187.39 | 207.26 | OK | |
r-devel-linux-x86_64-debian-gcc | 0.1-0 | 15.29 | 141.26 | 156.55 | OK | |
r-devel-linux-x86_64-fedora-clang | 0.1-0 | 272.59 | OK | |||
r-devel-linux-x86_64-fedora-gcc | 0.1-0 | 264.26 | OK | |||
r-devel-windows-x86_64 | 0.1-0 | 19.00 | 187.00 | 206.00 | OK | |
r-patched-linux-x86_64 | 0.1-0 | 19.70 | 188.00 | 207.70 | WARN | |
r-release-linux-x86_64 | 0.1-0 | 18.71 | 187.81 | 206.52 | WARN | |
r-release-macos-arm64 | 0.1-0 | 87.00 | OK | |||
r-release-macos-x86_64 | 0.1-0 | 141.00 | OK | |||
r-release-windows-x86_64 | 0.1-0 | 22.00 | 219.00 | 241.00 | WARN | |
r-oldrel-macos-arm64 | 0.1-0 | 76.00 | OK | |||
r-oldrel-macos-x86_64 | 0.1-0 | 96.00 | OK | |||
r-oldrel-windows-x86_64 | 0.1-0 | 25.00 | 224.00 | 249.00 | OK |
Version: 0.1-0
Check: data for ASCII and uncompressed saves
Result: WARN
Note: significantly better compression could be obtained
by using R CMD build --resave-data
old_size new_size compress
numerical_experiments_data.RData 1.3Mb 1.2Mb xz
Flavors: r-patched-linux-x86_64, r-release-linux-x86_64, r-release-windows-x86_64